CRAN Package Check Results for Package wmwpow

Last updated on 2024-05-22 08:59:49 CEST.

Flavor Version Tinstall Tcheck Ttotal Status Flags
r-devel-linux-x86_64-debian-clang 0.1.3 3.57 37.33 40.90 NOTE
r-devel-linux-x86_64-debian-gcc 0.1.3 2.40 27.42 29.82 NOTE
r-devel-linux-x86_64-fedora-clang 0.1.3 49.76 NOTE
r-devel-linux-x86_64-fedora-gcc 0.1.3 47.06 NOTE
r-devel-windows-x86_64 0.1.3 4.00 48.00 52.00 NOTE
r-patched-linux-x86_64 0.1.3 2.97 35.67 38.64 NOTE
r-release-linux-x86_64 0.1.3 3.01 34.94 37.95 NOTE
r-release-macos-arm64 0.1.3 18.00 NOTE
r-release-windows-x86_64 0.1.3 4.00 47.00 51.00 NOTE
r-oldrel-macos-arm64 0.1.3 17.00 NOTE
r-oldrel-macos-x86_64 0.1.3 30.00 NOTE
r-oldrel-windows-x86_64 0.1.3 4.00 52.00 56.00 NOTE

Check Details

Version: 0.1.3
Check: LazyData
Result: NOTE 'LazyData' is specified without a 'data' directory Flavors: r-devel-linux-x86_64-debian-clang, r-devel-linux-x86_64-debian-gcc, r-devel-linux-x86_64-fedora-clang, r-devel-linux-x86_64-fedora-gcc, r-devel-windows-x86_64, r-patched-linux-x86_64, r-release-linux-x86_64, r-release-macos-arm64, r-release-windows-x86_64, r-oldrel-macos-arm64, r-oldrel-macos-x86_64, r-oldrel-windows-x86_64

Version: 0.1.3
Check: dependencies in R code
Result: NOTE Namespace in Imports field not imported from: ‘MASS’ All declared Imports should be used. Flavors: r-devel-linux-x86_64-fedora-clang, r-devel-linux-x86_64-fedora-gcc