CRAN Package Check Results for Package vvconverter

Last updated on 2024-06-15 00:54:21 CEST.

Flavor Version Tinstall Tcheck Ttotal Status Flags
r-devel-linux-x86_64-debian-clang 0.5.9 3.88 44.87 48.75 OK
r-devel-linux-x86_64-debian-gcc 0.5.10 3.93 34.71 38.64 OK
r-devel-linux-x86_64-fedora-clang 0.5.10 64.61 OK
r-devel-linux-x86_64-fedora-gcc 0.5.10 61.21 OK
r-devel-windows-x86_64 0.5.10 4.00 9.00 13.00 ERROR
r-patched-linux-x86_64 0.5.10 5.59 43.85 49.44 OK
r-release-linux-x86_64 0.5.9 4.51 43.38 47.89 OK
r-release-macos-arm64 0.5.10 38.00 OK
r-release-macos-x86_64 0.5.10 78.00 OK
r-release-windows-x86_64 0.5.10 6.00 62.00 68.00 OK
r-oldrel-macos-arm64 0.5.10 42.00 OK
r-oldrel-macos-x86_64 0.5.10 62.00 OK
r-oldrel-windows-x86_64 0.5.10 7.00 68.00 75.00 OK

Check Details

Version: 0.5.10
Check: whether package can be installed
Result: ERROR Installation failed. Flavor: r-devel-windows-x86_64