CRAN Package Check Results for Package volcano3D

Last updated on 2024-04-20 08:51:18 CEST.

Flavor Version Tinstall Tcheck Ttotal Status Flags
r-devel-linux-x86_64-debian-clang 2.0.9 12.09 118.31 130.40 NOTE
r-devel-linux-x86_64-debian-gcc 2.0.9 10.06 86.96 97.02 NOTE
r-devel-linux-x86_64-fedora-clang 2.0.9 178.72 OK
r-devel-linux-x86_64-fedora-gcc 2.0.9 184.57 OK
r-prerel-macos-arm64 2.0.9 69.00 OK
r-prerel-windows-x86_64 2.0.9 13.00 115.00 128.00 OK
r-patched-linux-x86_64 2.0.9 9.70 118.85 128.55 OK
r-release-linux-x86_64 2.0.9 9.06 119.27 128.33 OK
r-release-macos-arm64 2.0.9 52.00 OK
r-release-macos-x86_64 2.0.9 62.00 OK
r-release-windows-x86_64 2.0.9 16.00 131.00 147.00 OK
r-oldrel-macos-arm64 2.0.9 59.00 OK
r-oldrel-windows-x86_64 2.0.9 16.00 136.00 152.00 OK

Additional issues

noSuggests

Check Details

Version: 2.0.9
Check: package dependencies
Result: NOTE Packages suggested but not available for checking: 'DESeq2', 'SummarizedExperiment' Flavors: r-devel-linux-x86_64-debian-clang, r-devel-linux-x86_64-debian-gcc

Version: 2.0.9
Check: Rd cross-references
Result: NOTE Unknown package ‘DESeq2’ in Rd xrefs Flavors: r-devel-linux-x86_64-debian-clang, r-devel-linux-x86_64-debian-gcc