CRAN Package Check Results for Package vasicek

Last updated on 2024-04-23 16:58:33 CEST.

Flavor Version Tinstall Tcheck Ttotal Status Flags
r-devel-linux-x86_64-debian-clang 0.0.3 1.92 22.25 24.17 NOTE
r-devel-linux-x86_64-debian-gcc 0.0.3 1.63 17.60 19.23 NOTE
r-devel-linux-x86_64-fedora-clang 0.0.3 32.38 NOTE
r-devel-linux-x86_64-fedora-gcc 0.0.3 30.19 NOTE
r-prerel-macos-arm64 0.0.3 14.00 NOTE
r-prerel-windows-x86_64 0.0.3 2.00 39.00 41.00 NOTE
r-patched-linux-x86_64 0.0.3 2.14 21.87 24.01 NOTE
r-release-linux-x86_64 0.0.3 2.25 22.00 24.25 NOTE
r-release-macos-arm64 0.0.3 22.00 NOTE
r-release-macos-x86_64 0.0.3 21.00 NOTE
r-release-windows-x86_64 0.0.3 2.00 40.00 42.00 NOTE
r-oldrel-macos-arm64 0.0.3 16.00 NOTE
r-oldrel-windows-x86_64 0.0.3 3.00 43.00 46.00 NOTE

Check Details

Version: 0.0.3
Check: LazyData
Result: NOTE 'LazyData' is specified without a 'data' directory Flavors: r-devel-linux-x86_64-debian-clang, r-devel-linux-x86_64-debian-gcc, r-devel-linux-x86_64-fedora-clang, r-devel-linux-x86_64-fedora-gcc, r-prerel-macos-arm64, r-prerel-windows-x86_64, r-patched-linux-x86_64, r-release-linux-x86_64, r-release-macos-arm64, r-release-macos-x86_64, r-release-windows-x86_64, r-oldrel-macos-arm64, r-oldrel-windows-x86_64