CRAN Package Check Results for Package vaersvax

Last updated on 2024-07-23 16:49:20 CEST.

Flavor Version Tinstall Tcheck Ttotal Status Flags
r-devel-linux-x86_64-debian-clang 1.0.5 1.94 22.70 24.64 NOTE
r-devel-linux-x86_64-debian-gcc 1.0.5 1.42 17.43 18.85 NOTE
r-devel-linux-x86_64-fedora-clang 1.0.5 32.96 NOTE
r-devel-linux-x86_64-fedora-gcc 1.0.5 31.15 NOTE
r-devel-windows-x86_64 1.0.5 3.00 46.00 49.00 NOTE
r-patched-linux-x86_64 1.0.5 2.26 21.16 23.42 NOTE
r-release-linux-x86_64 1.0.5 1.85 21.35 23.20 NOTE
r-release-macos-arm64 1.0.5 15.00 NOTE
r-release-macos-x86_64 1.0.5 21.00 NOTE
r-release-windows-x86_64 1.0.5 2.00 44.00 46.00 NOTE
r-oldrel-macos-arm64 1.0.5 18.00 NOTE
r-oldrel-macos-x86_64 1.0.5 20.00 NOTE
r-oldrel-windows-x86_64 1.0.5 3.00 44.00 47.00 NOTE

Check Details

Version: 1.0.5
Check: package dependencies
Result: NOTE Packages suggested but not available for checking: 'vaers', 'vaersND' Flavors: r-devel-linux-x86_64-debian-clang, r-devel-linux-x86_64-debian-gcc, r-devel-linux-x86_64-fedora-clang, r-devel-linux-x86_64-fedora-gcc, r-devel-windows-x86_64, r-patched-linux-x86_64, r-release-linux-x86_64, r-release-macos-arm64, r-release-macos-x86_64, r-release-windows-x86_64, r-oldrel-macos-arm64, r-oldrel-macos-x86_64, r-oldrel-windows-x86_64