CRAN Package Check Results for Package tseriesTARMA

Last updated on 2024-04-17 08:57:49 CEST.

Flavor Version Tinstall Tcheck Ttotal Status Flags
r-devel-linux-x86_64-debian-clang 0.3-4 39.21 114.65 153.86 OK
r-devel-linux-x86_64-debian-gcc 0.3-4 44.57 82.75 127.32 OK
r-devel-linux-x86_64-fedora-clang 0.3-4 193.81 NOTE
r-devel-linux-x86_64-fedora-gcc 0.3-4 214.85 NOTE
r-prerel-macos-arm64 0.3-4 80.00 OK
r-prerel-windows-x86_64 0.3-4 47.00 105.00 152.00 OK
r-patched-linux-x86_64 0.3-4 38.33 105.64 143.97 OK
r-release-linux-x86_64 0.3-4 38.26 111.91 150.17 OK
r-release-macos-arm64 0.3-4 82.00 OK
r-release-macos-x86_64 0.3-4 144.00 OK
r-release-windows-x86_64 0.3-4 58.00 135.00 193.00 OK
r-oldrel-macos-arm64 0.3-4 88.00 OK
r-oldrel-windows-x86_64 0.3-4 50.00 125.00 175.00 OK

Check Details

Version: 0.3-4
Check: installed package size
Result: NOTE installed size is 6.1Mb sub-directories of 1Mb or more: libs 5.8Mb Flavor: r-devel-linux-x86_64-fedora-clang

Version: 0.3-4
Check: compiled code
Result: NOTE File ‘tseriesTARMA/libs/tseriesTARMA.so’: Found no calls to: ‘R_registerRoutines’, ‘R_useDynamicSymbols’ It is good practice to register native routines and to disable symbol search. See ‘Writing portable packages’ in the ‘Writing R Extensions’ manual. Flavors: r-devel-linux-x86_64-fedora-clang, r-devel-linux-x86_64-fedora-gcc