CRAN Package Check Results for Package transport

Last updated on 2024-05-21 00:57:28 CEST.

Flavor Version Tinstall Tcheck Ttotal Status Flags
r-devel-linux-x86_64-debian-clang 0.15-2 115.52 84.19 199.71 NOTE
r-devel-linux-x86_64-debian-gcc 0.15-2 86.10 62.98 149.08 NOTE
r-devel-linux-x86_64-fedora-clang 0.15-2 312.44 NOTE
r-devel-linux-x86_64-fedora-gcc 0.15-2 286.40 NOTE
r-devel-windows-x86_64 0.15-2 96.00 114.00 210.00 OK
r-patched-linux-x86_64 0.15-2 111.97 82.47 194.44 NOTE
r-release-linux-x86_64 0.15-2 117.03 80.47 197.50 NOTE
r-release-macos-arm64 0.15-2 63.00 NOTE
r-release-macos-x86_64 0.15-2 131.00 NOTE
r-release-windows-x86_64 0.15-2 94.00 110.00 204.00 OK
r-oldrel-macos-arm64 0.15-2 61.00 NOTE
r-oldrel-macos-x86_64 0.15-2 170.00 NOTE
r-oldrel-windows-x86_64 0.15-2 114.00 131.00 245.00 OK

Check Details

Version: 0.15-2
Check: package dependencies
Result: NOTE Package suggested but not available for checking: ‘WSGeometry’ Flavors: r-devel-linux-x86_64-debian-clang, r-devel-linux-x86_64-debian-gcc, r-devel-linux-x86_64-fedora-clang, r-devel-linux-x86_64-fedora-gcc, r-patched-linux-x86_64, r-release-linux-x86_64

Version: 0.15-2
Check: installed package size
Result: NOTE installed size is 8.7Mb sub-directories of 1Mb or more: libs 8.1Mb Flavors: r-release-macos-arm64, r-release-macos-x86_64, r-oldrel-macos-arm64, r-oldrel-macos-x86_64