CRAN Package Check Results for Package tmvmixnorm

Last updated on 2024-04-20 08:51:17 CEST.

Flavor Version Tinstall Tcheck Ttotal Status Flags
r-devel-linux-x86_64-debian-clang 1.1.1 3.07 28.70 31.77 NOTE
r-devel-linux-x86_64-debian-gcc 1.1.1 2.31 21.31 23.62 NOTE
r-devel-linux-x86_64-fedora-clang 1.1.1 38.53 NOTE
r-devel-linux-x86_64-fedora-gcc 1.1.1 36.83 NOTE
r-prerel-macos-arm64 1.1.1 15.00 NOTE
r-prerel-windows-x86_64 1.1.1 4.00 43.00 47.00 NOTE
r-patched-linux-x86_64 1.1.1 3.25 27.36 30.61 NOTE
r-release-linux-x86_64 1.1.1 2.60 24.96 27.56 NOTE
r-release-macos-arm64 1.1.1 16.00 NOTE
r-release-macos-x86_64 1.1.1 22.00 NOTE
r-release-windows-x86_64 1.1.1 4.00 43.00 47.00 NOTE
r-oldrel-macos-arm64 1.1.1 15.00 NOTE
r-oldrel-windows-x86_64 1.1.1 4.00 46.00 50.00 NOTE

Check Details

Version: 1.1.1
Check: LazyData
Result: NOTE 'LazyData' is specified without a 'data' directory Flavors: r-devel-linux-x86_64-debian-clang, r-devel-linux-x86_64-debian-gcc, r-devel-linux-x86_64-fedora-clang, r-devel-linux-x86_64-fedora-gcc, r-prerel-macos-arm64, r-prerel-windows-x86_64, r-patched-linux-x86_64, r-release-linux-x86_64, r-release-macos-arm64, r-release-macos-x86_64, r-release-windows-x86_64, r-oldrel-macos-arm64, r-oldrel-windows-x86_64