CRAN Package Check Results for Package tmod

Last updated on 2024-07-24 16:54:04 CEST.

Flavor Version Tinstall Tcheck Ttotal Status Flags
r-devel-linux-x86_64-debian-clang 0.50.13 12.73 163.37 176.10 NOTE
r-devel-linux-x86_64-debian-gcc 0.50.13 9.70 127.18 136.88 NOTE
r-devel-linux-x86_64-fedora-clang 0.50.13 235.52 NOTE
r-devel-linux-x86_64-fedora-gcc 0.50.13 233.06 NOTE
r-devel-windows-x86_64 0.50.13 13.00 147.00 160.00 NOTE
r-patched-linux-x86_64 0.50.13 14.42 158.62 173.04 NOTE
r-release-linux-x86_64 0.50.13 7.55 156.18 163.73 NOTE
r-release-macos-arm64 0.50.13 73.00 NOTE
r-release-macos-x86_64 0.50.13 108.00 NOTE
r-release-windows-x86_64 0.50.13 11.00 144.00 155.00 NOTE
r-oldrel-macos-arm64 0.50.13 74.00 OK
r-oldrel-macos-x86_64 0.50.13 112.00 OK
r-oldrel-windows-x86_64 0.50.13 14.00 173.00 187.00 OK

Check Details

Version: 0.50.13
Check: Rd files
Result: NOTE checkRd: (-1) pvalEffectPlot.Rd:90: Lost braces in \itemize; meant \describe ? checkRd: (-1) pvalEffectPlot.Rd:91: Lost braces in \itemize; meant \describe ? checkRd: (-1) pvalEffectPlot.Rd:92: Lost braces in \itemize; meant \describe ? checkRd: (-1) pvalEffectPlot.Rd:93: Lost braces in \itemize; meant \describe ? checkRd: (-1) pvalEffectPlot.Rd:94: Lost braces in \itemize; meant \describe ? Flavors: r-devel-linux-x86_64-debian-clang, r-devel-linux-x86_64-debian-gcc, r-devel-linux-x86_64-fedora-clang, r-devel-linux-x86_64-fedora-gcc, r-devel-windows-x86_64, r-patched-linux-x86_64, r-release-linux-x86_64, r-release-macos-arm64, r-release-macos-x86_64, r-release-windows-x86_64

Version: 0.50.13
Check: data for non-ASCII characters
Result: NOTE Note: found 1 marked UTF-8 string Flavors: r-devel-linux-x86_64-fedora-clang, r-devel-linux-x86_64-fedora-gcc