CRAN Package Check Results for Package tidyAML

Last updated on 2024-05-18 16:48:25 CEST.

Flavor Version Tinstall Tcheck Ttotal Status Flags
r-devel-linux-x86_64-debian-clang 0.0.5 8.11 88.68 96.79 OK
r-devel-linux-x86_64-debian-gcc 0.0.5 4.71 66.80 71.51 OK
r-devel-linux-x86_64-fedora-clang 0.0.5 124.28 OK
r-devel-linux-x86_64-fedora-gcc 0.0.5 130.89 OK
r-devel-windows-x86_64 0.0.5 7.00 91.00 98.00 OK
r-patched-linux-x86_64 0.0.5 7.55 85.40 92.95 OK
r-release-linux-x86_64 0.0.5 5.08 83.53 88.61 NOTE
r-release-macos-arm64 0.0.5 44.00 OK
r-release-macos-x86_64 0.0.5 92.00 OK
r-release-windows-x86_64 0.0.5 8.00 94.00 102.00 OK
r-oldrel-macos-arm64 0.0.5 48.00 OK
r-oldrel-macos-x86_64 0.0.5 90.00 OK
r-oldrel-windows-x86_64 0.0.5 9.00 109.00 118.00 OK

Check Details

Version: 0.0.5
Check: package dependencies
Result: NOTE Package suggested but not available for checking: ‘rstanarm’ Flavor: r-release-linux-x86_64