CRAN Package Check Results for Package textTools

Last updated on 2024-07-15 16:56:36 CEST.

Flavor Version Tinstall Tcheck Ttotal Status Flags
r-devel-linux-x86_64-debian-clang 0.1.0 15.97 42.81 58.78 NOTE
r-devel-linux-x86_64-debian-gcc 0.1.0 12.54 33.84 46.38 NOTE
r-devel-linux-x86_64-fedora-clang 0.1.0 79.10 NOTE
r-devel-linux-x86_64-fedora-gcc 0.1.0 73.43 NOTE
r-devel-windows-x86_64 0.1.0 14.00 64.00 78.00 NOTE
r-patched-linux-x86_64 0.1.0 13.95 41.14 55.09 NOTE
r-release-linux-x86_64 0.1.0 13.91 40.78 54.69 NOTE
r-release-macos-arm64 0.1.0 30.00 NOTE
r-release-macos-x86_64 0.1.0 50.00 NOTE
r-release-windows-x86_64 0.1.0 13.00 62.00 75.00 NOTE
r-oldrel-macos-arm64 0.1.0 32.00 NOTE
r-oldrel-macos-x86_64 0.1.0 45.00 NOTE
r-oldrel-windows-x86_64 0.1.0 13.00 68.00 81.00 NOTE

Check Details

Version: 0.1.0
Check: LazyData
Result: NOTE 'LazyData' is specified without a 'data' directory Flavors: r-devel-linux-x86_64-debian-clang, r-devel-linux-x86_64-debian-gcc, r-devel-linux-x86_64-fedora-clang, r-devel-linux-x86_64-fedora-gcc, r-devel-windows-x86_64, r-patched-linux-x86_64, r-release-linux-x86_64, r-release-macos-arm64, r-release-macos-x86_64, r-release-windows-x86_64, r-oldrel-macos-arm64, r-oldrel-macos-x86_64, r-oldrel-windows-x86_64