CRAN Package Check Results for Package testforDEP

Last updated on 2024-07-15 16:56:36 CEST.

Flavor Version Tinstall Tcheck Ttotal Status Flags
r-devel-linux-x86_64-debian-clang 0.2.0 63.80 79.06 142.86 OK
r-devel-linux-x86_64-debian-gcc 0.2.0 43.67 59.54 103.21 OK
r-devel-linux-x86_64-fedora-clang 0.2.0 214.83 NOTE
r-devel-linux-x86_64-fedora-gcc 0.2.0 191.49 NOTE
r-devel-windows-x86_64 0.2.0 49.00 95.00 144.00 OK
r-patched-linux-x86_64 0.2.0 33.78 75.54 109.32 OK
r-release-linux-x86_64 0.2.0 39.60 77.01 116.61 OK
r-release-macos-arm64 0.2.0 45.00 OK
r-release-macos-x86_64 0.2.0 58.00 OK
r-release-windows-x86_64 0.2.0 52.00 94.00 146.00 OK
r-oldrel-macos-arm64 0.2.0 52.00 OK
r-oldrel-macos-x86_64 0.2.0 80.00 OK
r-oldrel-windows-x86_64 0.2.0 62.00 112.00 174.00 OK

Check Details

Version: 0.2.0
Check: compiled code
Result: NOTE File ‘testforDEP/libs/testforDEP.so’: Found no calls to: ‘R_registerRoutines’, ‘R_useDynamicSymbols’ It is good practice to register native routines and to disable symbol search. See ‘Writing portable packages’ in the ‘Writing R Extensions’ manual. Flavors: r-devel-linux-x86_64-fedora-clang, r-devel-linux-x86_64-fedora-gcc