CRAN Package Check Results for Package tensorflow

Last updated on 2025-01-12 23:49:42 CET.

Flavor Version Tinstall Tcheck Ttotal Status Flags
r-devel-linux-x86_64-debian-clang 2.16.0 8.80 71.44 80.24 NOTE
r-devel-linux-x86_64-debian-gcc 2.16.0 6.51 51.19 57.70 NOTE
r-devel-linux-x86_64-fedora-clang 2.16.0 130.04 OK
r-devel-linux-x86_64-fedora-gcc 2.16.0 120.50 OK
r-devel-windows-x86_64 2.16.0 9.00 85.00 94.00 NOTE
r-patched-linux-x86_64 2.16.0 11.38 66.54 77.92 OK
r-release-linux-x86_64 2.16.0 8.60 66.15 74.75 OK
r-release-macos-arm64 2.16.0 40.00 OK
r-release-macos-x86_64 2.16.0 55.00 OK
r-release-windows-x86_64 2.16.0 11.00 84.00 95.00 OK
r-oldrel-macos-arm64 2.16.0 42.00 OK
r-oldrel-macos-x86_64 2.16.0 87.00 OK
r-oldrel-windows-x86_64 2.16.0 13.00 100.00 113.00 OK

Check Details

Version: 2.16.0
Check: Rd cross-references
Result: NOTE Found the following Rd file(s) with Rd \link{} targets missing package anchors: parse_arguments.Rd: yaml.load Please provide package anchors for all Rd \link{} targets not in the package itself and the base packages. Flavors: r-devel-linux-x86_64-debian-clang, r-devel-linux-x86_64-debian-gcc, r-devel-windows-x86_64