CRAN Package Check Results for Package tabxplor

Last updated on 2024-07-24 16:54:03 CEST.

Flavor Version Tinstall Tcheck Ttotal Status Flags
r-devel-linux-x86_64-debian-clang 1.1.3 16.72 177.15 193.87 OK
r-devel-linux-x86_64-debian-gcc 1.1.3 11.02 133.57 144.59 NOTE
r-devel-linux-x86_64-fedora-clang 1.1.3 252.34 OK
r-devel-linux-x86_64-fedora-gcc 1.1.3 245.74 OK
r-devel-windows-x86_64 1.1.3 19.00 148.00 167.00 NOTE
r-patched-linux-x86_64 1.1.3 21.31 169.76 191.07 OK
r-release-linux-x86_64 1.1.3 10.57 175.08 185.65 OK
r-release-macos-arm64 1.1.3 68.00 OK
r-release-macos-x86_64 1.1.3 105.00 OK
r-release-windows-x86_64 1.1.3 15.00 146.00 161.00 OK
r-oldrel-macos-arm64 1.1.3 75.00 OK
r-oldrel-macos-x86_64 1.1.3 156.00 OK
r-oldrel-windows-x86_64 1.1.3 20.00 183.00 203.00 OK

Check Details

Version: 1.1.3
Check: Rd cross-references
Result: NOTE Found the following Rd file(s) with Rd \link{} targets missing package anchors: mutate.tabxplor_fmt.Rd: dplyr_data_masking Please provide package anchors for all Rd \link{} targets not in the package itself and the base packages. Flavors: r-devel-linux-x86_64-debian-gcc, r-devel-windows-x86_64