CRAN Package Check Results for Package tabulate

Last updated on 2024-07-13 00:55:40 CEST.

Flavor Version Tinstall Tcheck Ttotal Status Flags
r-devel-linux-x86_64-debian-clang 0.1.0 86.64 34.52 121.16 NOTE
r-devel-linux-x86_64-debian-gcc 0.1.0 60.18 26.10 86.28 NOTE
r-devel-linux-x86_64-fedora-clang 0.1.0 179.38 NOTE
r-devel-linux-x86_64-fedora-gcc 0.1.0 188.11 NOTE
r-devel-windows-x86_64 0.1.0 80.00 67.00 147.00 NOTE
r-patched-linux-x86_64 0.1.0 81.38 33.27 114.65 NOTE
r-release-linux-x86_64 0.1.0 68.60 32.45 101.05 NOTE
r-release-macos-arm64 0.1.0 35.00 NOTE
r-release-macos-x86_64 0.1.0 42.00 NOTE
r-release-windows-x86_64 0.1.0 75.00 66.00 141.00 NOTE
r-oldrel-macos-arm64 0.1.0 42.00 NOTE
r-oldrel-macos-x86_64 0.1.0 68.00 NOTE
r-oldrel-windows-x86_64 0.1.0 73.00 79.00 152.00 NOTE

Check Details

Version: 0.1.0
Check: C++ specification
Result: NOTE Specified C++11: please drop specification unless essential Flavors: r-devel-linux-x86_64-debian-clang, r-devel-linux-x86_64-debian-gcc, r-devel-linux-x86_64-fedora-clang, r-devel-linux-x86_64-fedora-gcc, r-devel-windows-x86_64, r-patched-linux-x86_64, r-release-linux-x86_64, r-release-macos-arm64, r-release-macos-x86_64, r-release-windows-x86_64, r-oldrel-macos-arm64, r-oldrel-macos-x86_64, r-oldrel-windows-x86_64

Version: 0.1.0
Check: installed package size
Result: NOTE installed size is 5.1Mb sub-directories of 1Mb or more: libs 4.9Mb Flavors: r-release-macos-arm64, r-oldrel-macos-arm64