CRAN Package Check Results for Package switchSelection

Last updated on 2024-04-14 16:55:02 CEST.

Flavor Version Tinstall Tcheck Ttotal Status Flags
r-devel-linux-x86_64-debian-clang 1.1.2 98.14 71.38 169.52 OK
r-devel-linux-x86_64-debian-gcc 1.1.2 75.37 49.53 124.90 OK
r-devel-linux-x86_64-fedora-clang 1.1.2 221.71 OK
r-devel-linux-x86_64-fedora-gcc 1.1.2 235.82 OK
r-devel-windows-x86_64 1.1.2 76.00 96.00 172.00 OK
r-patched-linux-x86_64 1.1.2 93.88 66.02 159.90 OK
r-release-linux-x86_64 1.1.2 99.97 67.99 167.96 OK
r-release-macos-arm64 1.1.2 50.00 NOTE
r-release-macos-x86_64 1.1.2 103.00 NOTE
r-release-windows-x86_64 1.1.2 94.00 110.00 204.00 OK
r-oldrel-macos-arm64 1.1.2 58.00 NOTE
r-oldrel-windows-x86_64 1.1.2 88.00 97.00 185.00 OK

Check Details

Version: 1.1.2
Check: installed package size
Result: NOTE installed size is 5.7Mb sub-directories of 1Mb or more: libs 5.0Mb Flavors: r-release-macos-arm64, r-release-macos-x86_64, r-oldrel-macos-arm64