CRAN Package Check Results for Package standby

Last updated on 2024-04-12 01:00:43 CEST.

Flavor Version Tinstall Tcheck Ttotal Status Flags
r-devel-linux-x86_64-debian-clang 0.1.0 5.95 58.79 64.74 NOTE
r-devel-linux-x86_64-debian-gcc 0.1.0 3.69 43.87 47.56 NOTE
r-devel-linux-x86_64-fedora-clang 0.1.0 78.10 NOTE
r-devel-linux-x86_64-fedora-gcc 0.1.0 88.98 NOTE
r-devel-windows-x86_64 0.1.0 6.00 71.00 77.00 NOTE
r-patched-linux-x86_64 0.1.0 5.83 56.31 62.14 NOTE
r-release-linux-x86_64 0.1.0 4.97 55.38 60.35 OK
r-release-macos-arm64 0.1.0 35.00 OK
r-release-macos-x86_64 0.1.0 66.00 OK
r-release-windows-x86_64 0.1.0 8.00 76.00 84.00 OK
r-oldrel-macos-arm64 0.1.0 32.00 OK
r-oldrel-windows-x86_64 0.1.0 7.00 75.00 82.00 OK

Check Details

Version: 0.1.0
Check: Rd files
Result: NOTE checkRd: (-1) alertify.Rd:69: Lost braces 69 | \item{closable}{Logical; if \code{TRUE} (the default), a |code{Close} button is displayed in the header of the dialog.} | ^ checkRd: (-1) notify.Rd:47: Lost braces 47 | \item{hide}{Logical; if \code{TRUE} (the default), notice is closed after |code{delay} specified in milliseconds.} | ^ Flavors: r-devel-linux-x86_64-debian-clang, r-devel-linux-x86_64-debian-gcc, r-devel-linux-x86_64-fedora-clang, r-devel-linux-x86_64-fedora-gcc, r-devel-windows-x86_64, r-patched-linux-x86_64