Last updated on 2025-01-23 19:49:38 CET.
Flavor | Version | Tinstall | Tcheck | Ttotal | Status | Flags |
---|---|---|---|---|---|---|
r-devel-linux-x86_64-debian-clang | 24.10.1 | 7.47 | 74.42 | 81.89 | OK | |
r-devel-linux-x86_64-debian-gcc | 24.10.1 | 4.79 | 52.56 | 57.35 | NOTE | |
r-devel-linux-x86_64-fedora-clang | 24.10.1 | 134.75 | OK | |||
r-devel-linux-x86_64-fedora-gcc | 24.10.1 | 134.29 | OK | |||
r-devel-windows-x86_64 | 24.10.1 | 8.00 | 88.00 | 96.00 | OK | |
r-patched-linux-x86_64 | 24.10.1 | 7.53 | 68.60 | 76.13 | OK | |
r-release-linux-x86_64 | 24.10.1 | 5.91 | 69.17 | 75.08 | OK | |
r-release-macos-arm64 | 24.10.1 | 41.00 | OK | |||
r-release-macos-x86_64 | 24.10.1 | 52.00 | OK | |||
r-release-windows-x86_64 | 24.10.1 | 8.00 | 91.00 | 99.00 | OK | |
r-oldrel-macos-arm64 | 24.10.1 | 48.00 | OK | |||
r-oldrel-macos-x86_64 | 24.10.1 | 67.00 | OK | |||
r-oldrel-windows-x86_64 | 24.10.1 | 11.00 | 112.00 | 123.00 | OK |
Version: 24.10.1
Check: DESCRIPTION meta-information
Result: NOTE
Missing dependency on R >= 4.1.0 because package code uses the pipe
|> or function shorthand \(...) syntax added in R 4.1.0.
File(s) using such syntax:
‘generic_stroke.R’ ‘index_plot.R’ ‘mfi_calc.R’ ‘pase_calc.R’
Flavor: r-devel-linux-x86_64-debian-gcc