CRAN Package Check Results for Package sport

Last updated on 2024-07-16 16:53:02 CEST.

Flavor Version Tinstall Tcheck Ttotal Status Flags
r-devel-linux-x86_64-debian-clang 0.2.1 31.61 112.85 144.46 OK
r-devel-linux-x86_64-debian-gcc 0.2.1 24.66 81.01 105.67 OK
r-devel-linux-x86_64-fedora-clang 0.2.1 182.55 NOTE
r-devel-linux-x86_64-fedora-gcc 0.2.1 211.36 NOTE
r-devel-windows-x86_64 0.2.1 29.00 113.00 142.00 OK
r-patched-linux-x86_64 0.2.1 26.72 103.89 130.61 OK
r-release-linux-x86_64 0.2.1 30.86 105.53 136.39 OK
r-release-macos-arm64 0.2.1 54.00 OK
r-release-macos-x86_64 0.2.1 87.00 OK
r-release-windows-x86_64 0.2.1 28.00 119.00 147.00 OK
r-oldrel-macos-arm64 0.2.1 59.00 OK
r-oldrel-macos-x86_64 0.2.1 117.00 OK
r-oldrel-windows-x86_64 0.2.1 37.00 148.00 185.00 OK

Check Details

Version: 0.2.1
Check: data for non-ASCII characters
Result: NOTE Note: found 7504 marked UTF-8 strings Flavors: r-devel-linux-x86_64-fedora-clang, r-devel-linux-x86_64-fedora-gcc