CRAN Package Check Results for Package specklestar

Last updated on 2024-07-13 00:55:39 CEST.

Flavor Version Tinstall Tcheck Ttotal Status Flags
r-devel-linux-x86_64-debian-clang 0.0.1.7 63.68 36.37 100.05 NOTE
r-devel-linux-x86_64-debian-gcc 0.0.1.7 38.01 27.84 65.85 NOTE
r-devel-linux-x86_64-fedora-clang 0.0.1.7 160.30 NOTE
r-devel-linux-x86_64-fedora-gcc 0.0.1.7 154.17 NOTE
r-devel-windows-x86_64 0.0.1.7 46.00 75.00 121.00 NOTE
r-patched-linux-x86_64 0.0.1.7 45.19 34.38 79.57 NOTE
r-release-linux-x86_64 0.0.1.7 48.22 35.34 83.56 NOTE
r-release-macos-arm64 0.0.1.7 37.00 NOTE
r-release-macos-x86_64 0.0.1.7 47.00 NOTE
r-release-windows-x86_64 0.0.1.7 49.00 76.00 125.00 NOTE
r-oldrel-macos-arm64 0.0.1.7 40.00 NOTE
r-oldrel-macos-x86_64 0.0.1.7 68.00 NOTE
r-oldrel-windows-x86_64 0.0.1.7 52.00 81.00 133.00 NOTE

Check Details

Version: 0.0.1.7
Check: package subdirectories
Result: NOTE Problems with news in ‘NEWS.md’: Cannot extract version info from the following section titles: Roadmap of specklestar package Flavors: r-devel-linux-x86_64-debian-clang, r-devel-linux-x86_64-debian-gcc, r-devel-linux-x86_64-fedora-clang, r-devel-linux-x86_64-fedora-gcc, r-devel-windows-x86_64, r-patched-linux-x86_64, r-release-linux-x86_64, r-release-macos-arm64, r-release-macos-x86_64, r-release-windows-x86_64, r-oldrel-macos-arm64, r-oldrel-macos-x86_64, r-oldrel-windows-x86_64

Version: 0.0.1.7
Check: LazyData
Result: NOTE 'LazyData' is specified without a 'data' directory Flavors: r-devel-linux-x86_64-debian-clang, r-devel-linux-x86_64-debian-gcc, r-devel-linux-x86_64-fedora-clang, r-devel-linux-x86_64-fedora-gcc, r-devel-windows-x86_64, r-patched-linux-x86_64, r-release-linux-x86_64, r-release-macos-arm64, r-release-macos-x86_64, r-release-windows-x86_64, r-oldrel-macos-arm64, r-oldrel-macos-x86_64, r-oldrel-windows-x86_64