CRAN Package Check Results for Package spatialEco

Last updated on 2024-05-28 08:54:48 CEST.

Flavor Version Tinstall Tcheck Ttotal Status Flags
r-devel-linux-x86_64-debian-clang 2.0-2 34.99 355.63 390.62 OK
r-devel-linux-x86_64-debian-gcc 2.0-2 27.44 245.90 273.34 OK
r-devel-linux-x86_64-fedora-clang 2.0-2 466.09 NOTE
r-devel-linux-x86_64-fedora-gcc 2.0-2 470.50 NOTE
r-devel-windows-x86_64 2.0-2 28.00 268.00 296.00 OK
r-patched-linux-x86_64 2.0-2 36.71 330.26 366.97 OK
r-release-linux-x86_64 2.0-2 25.64 330.78 356.42 OK
r-release-macos-arm64 2.0-2 102.00 OK
r-release-windows-x86_64 2.0-2 28.00 266.00 294.00 OK
r-oldrel-macos-arm64 2.0-2 105.00 OK
r-oldrel-macos-x86_64 2.0-2 375.00 OK
r-oldrel-windows-x86_64 2.0-2 36.00 352.00 388.00 OK

Additional issues

donttest

Check Details

Version: 2.0-2
Check: package dependencies
Result: NOTE Package suggested but not available for checking: ‘geodata’ Flavors: r-devel-linux-x86_64-fedora-clang, r-devel-linux-x86_64-fedora-gcc