CRAN Package Check Results for Package sparta

Last updated on 2024-07-13 00:55:39 CEST.

Flavor Version Tinstall Tcheck Ttotal Status Flags
r-devel-linux-x86_64-debian-clang 0.8.4 111.08 38.31 149.39 NOTE
r-devel-linux-x86_64-debian-gcc 0.8.4 71.22 28.53 99.75 NOTE
r-devel-linux-x86_64-fedora-clang 0.8.4 216.98 NOTE
r-devel-linux-x86_64-fedora-gcc 0.8.4 236.85 NOTE
r-devel-windows-x86_64 0.8.4 84.00 74.00 158.00 NOTE
r-patched-linux-x86_64 0.8.4 89.42 36.34 125.76 NOTE
r-release-linux-x86_64 0.8.4 84.26 35.14 119.40 NOTE
r-release-macos-arm64 0.8.4 47.00 NOTE
r-release-macos-x86_64 0.8.4 59.00 NOTE
r-release-windows-x86_64 0.8.4 82.00 73.00 155.00 NOTE
r-oldrel-macos-arm64 0.8.4 55.00 NOTE
r-oldrel-macos-x86_64 0.8.4 91.00 NOTE
r-oldrel-windows-x86_64 0.8.4 100.00 82.00 182.00 NOTE

Check Details

Version: 0.8.4
Check: C++ specification
Result: NOTE Specified C++11: please drop specification unless essential Flavors: r-devel-linux-x86_64-debian-clang, r-devel-linux-x86_64-debian-gcc, r-devel-linux-x86_64-fedora-clang, r-devel-linux-x86_64-fedora-gcc, r-devel-windows-x86_64, r-patched-linux-x86_64, r-release-linux-x86_64, r-release-macos-arm64, r-release-macos-x86_64, r-release-windows-x86_64, r-oldrel-macos-arm64, r-oldrel-macos-x86_64, r-oldrel-windows-x86_64