CRAN Package Check Results for Package slippymath

Last updated on 2024-06-16 00:58:32 CEST.

Flavor Version Tinstall Tcheck Ttotal Status Flags
r-devel-linux-x86_64-debian-clang 0.3.1 3.14 58.90 62.04 NOTE
r-devel-linux-x86_64-debian-gcc 0.3.1 2.17 43.47 45.64 NOTE
r-devel-linux-x86_64-fedora-clang 0.3.1 80.87 NOTE
r-devel-linux-x86_64-fedora-gcc 0.3.1 88.83 NOTE
r-devel-windows-x86_64 0.3.1 3.00 69.00 72.00 NOTE
r-patched-linux-x86_64 0.3.1 2.75 56.62 59.37 NOTE
r-release-linux-x86_64 0.3.1 2.93 56.87 59.80 NOTE
r-release-macos-arm64 0.3.1 36.00 NOTE
r-release-macos-x86_64 0.3.1 51.00 NOTE
r-release-windows-x86_64 0.3.1 3.00 68.00 71.00 NOTE
r-oldrel-macos-arm64 0.3.1 35.00 NOTE
r-oldrel-macos-x86_64 0.3.1 52.00 NOTE
r-oldrel-windows-x86_64 0.3.1 4.00 78.00 82.00 NOTE

Check Details

Version: 0.3.1
Check: LazyData
Result: NOTE 'LazyData' is specified without a 'data' directory Flavors: r-devel-linux-x86_64-debian-clang, r-devel-linux-x86_64-debian-gcc, r-devel-linux-x86_64-fedora-clang, r-devel-linux-x86_64-fedora-gcc, r-devel-windows-x86_64, r-patched-linux-x86_64, r-release-linux-x86_64, r-release-macos-arm64, r-release-macos-x86_64, r-release-windows-x86_64, r-oldrel-macos-arm64, r-oldrel-macos-x86_64, r-oldrel-windows-x86_64