CRAN Package Check Results for Package showimage

Last updated on 2024-06-05 00:48:59 CEST.

Flavor Version Tinstall Tcheck Ttotal Status Flags
r-devel-linux-x86_64-debian-clang 1.0.0 1.77 22.34 24.11 NOTE
r-devel-linux-x86_64-debian-gcc 1.0.0 1.42 17.78 19.20 NOTE
r-devel-linux-x86_64-fedora-clang 1.0.0 31.03 NOTE
r-devel-linux-x86_64-fedora-gcc 1.0.0 29.80 NOTE
r-devel-windows-x86_64 1.0.0 2.00 39.00 41.00 NOTE
r-patched-linux-x86_64 1.0.0 1.78 22.15 23.93 NOTE
r-release-linux-x86_64 1.0.0 1.79 21.19 22.98 NOTE
r-release-macos-arm64 1.0.0 15.00 NOTE
r-release-windows-x86_64 1.0.0 2.00 38.00 40.00 NOTE
r-oldrel-macos-arm64 1.0.0 18.00 NOTE
r-oldrel-macos-x86_64 1.0.0 20.00 NOTE
r-oldrel-windows-x86_64 1.0.0 4.00 41.00 45.00 NOTE

Check Details

Version: 1.0.0
Check: LazyData
Result: NOTE 'LazyData' is specified without a 'data' directory Flavors: r-devel-linux-x86_64-debian-clang, r-devel-linux-x86_64-debian-gcc, r-devel-linux-x86_64-fedora-clang, r-devel-linux-x86_64-fedora-gcc, r-devel-windows-x86_64, r-patched-linux-x86_64, r-release-linux-x86_64, r-release-macos-arm64, r-release-windows-x86_64, r-oldrel-macos-arm64, r-oldrel-macos-x86_64, r-oldrel-windows-x86_64