CRAN Package Check Results for Package shinymanager

Last updated on 2024-05-26 15:50:04 CEST.

Flavor Version Tinstall Tcheck Ttotal Status Flags
r-devel-linux-x86_64-debian-clang 1.0.410 12.81 97.33 110.14 NOTE
r-devel-linux-x86_64-debian-gcc 1.0.410 10.89 73.29 84.18 NOTE
r-devel-linux-x86_64-fedora-clang 1.0.410 144.91 NOTE
r-devel-linux-x86_64-fedora-gcc 1.0.410 140.98 NOTE
r-devel-windows-x86_64 1.0.410 13.00 88.00 101.00 NOTE
r-patched-linux-x86_64 1.0.410 12.62 92.57 105.19 NOTE
r-release-linux-x86_64 1.0.410 14.73 90.59 105.32 NOTE
r-release-macos-arm64 1.0.410 47.00 NOTE
r-release-windows-x86_64 1.0.410 13.00 91.00 104.00 NOTE
r-oldrel-macos-arm64 1.0.410 49.00 OK
r-oldrel-macos-x86_64 1.0.410 78.00 OK
r-oldrel-windows-x86_64 1.0.410 16.00 103.00 119.00 OK

Check Details

Version: 1.0.410
Check: Rd files
Result: NOTE checkRd: (-1) custom-labels.Rd:7: Lost braces; missing escapes or markup? 7 | \title{Modify {shinymanager} labels to use custom text} | ^ checkRd: (-1) use_language.Rd:5: Lost braces; missing escapes or markup? 5 | \title{Use {shinymanager} labels} | ^ Flavors: r-devel-linux-x86_64-debian-clang, r-devel-linux-x86_64-debian-gcc, r-devel-linux-x86_64-fedora-clang, r-devel-linux-x86_64-fedora-gcc, r-devel-windows-x86_64, r-patched-linux-x86_64, r-release-linux-x86_64, r-release-macos-arm64, r-release-windows-x86_64