CRAN Package Check Results for Package shinylogs

Last updated on 2024-07-14 16:52:44 CEST.

Flavor Version Tinstall Tcheck Ttotal Status Flags
r-devel-linux-x86_64-debian-clang 0.2.1 7.65 80.48 88.13 NOTE
r-devel-linux-x86_64-debian-gcc 0.2.1 6.73 58.70 65.43 NOTE
r-devel-linux-x86_64-fedora-clang 0.2.1 112.28 NOTE
r-devel-linux-x86_64-fedora-gcc 0.2.1 115.53 NOTE
r-devel-windows-x86_64 0.2.1 9.00 78.00 87.00 NOTE
r-patched-linux-x86_64 0.2.1 9.03 74.50 83.53 NOTE
r-release-linux-x86_64 0.2.1 7.10 76.35 83.45 NOTE
r-release-macos-arm64 0.2.1 38.00 NOTE
r-release-macos-x86_64 0.2.1 58.00 NOTE
r-release-windows-x86_64 0.2.1 8.00 78.00 86.00 NOTE
r-oldrel-macos-arm64 0.2.1 39.00 OK
r-oldrel-macos-x86_64 0.2.1 65.00 OK
r-oldrel-windows-x86_64 0.2.1 10.00 91.00 101.00 OK

Check Details

Version: 0.2.1
Check: Rd files
Result: NOTE checkRd: (-1) store_googledrive.Rd:19: Lost braces; missing escapes or markup? 19 | See the {gargle} package to manage authentication, and especially | ^ checkRd: (-1) store_googledrive.Rd:20: Lost braces; missing escapes or markup? 20 | \href{https://gargle.r-lib.org/articles/articles/managing-tokens-securely.html}{this vignette from {gargle} package} to manage the process. | ^ Flavors: r-devel-linux-x86_64-debian-clang, r-devel-linux-x86_64-debian-gcc, r-devel-linux-x86_64-fedora-clang, r-devel-linux-x86_64-fedora-gcc, r-devel-windows-x86_64, r-patched-linux-x86_64, r-release-linux-x86_64, r-release-macos-arm64, r-release-macos-x86_64, r-release-windows-x86_64