CRAN Package Check Results for Package sensitivity2x2xk

Last updated on 2024-06-05 00:48:58 CEST.

Flavor Version Tinstall Tcheck Ttotal Status Flags
r-devel-linux-x86_64-debian-clang 1.01 2.14 26.30 28.44 NOTE
r-devel-linux-x86_64-debian-gcc 1.01 2.33 20.14 22.47 NOTE
r-devel-linux-x86_64-fedora-clang 1.01 37.22 NOTE
r-devel-linux-x86_64-fedora-gcc 1.01 34.42 NOTE
r-devel-windows-x86_64 1.01 3.00 42.00 45.00 NOTE
r-patched-linux-x86_64 1.01 2.41 25.79 28.20 NOTE
r-release-linux-x86_64 1.01 2.37 25.16 27.53 NOTE
r-release-macos-arm64 1.01 16.00 NOTE
r-release-windows-x86_64 1.01 3.00 43.00 46.00 NOTE
r-oldrel-macos-arm64 1.01 18.00 NOTE
r-oldrel-macos-x86_64 1.01 23.00 NOTE
r-oldrel-windows-x86_64 1.01 4.00 42.00 46.00 NOTE

Check Details

Version: 1.01
Check: LazyData
Result: NOTE 'LazyData' is specified without a 'data' directory Flavors: r-devel-linux-x86_64-debian-clang, r-devel-linux-x86_64-debian-gcc, r-devel-linux-x86_64-fedora-clang, r-devel-linux-x86_64-fedora-gcc, r-devel-windows-x86_64, r-patched-linux-x86_64, r-release-linux-x86_64, r-release-macos-arm64, r-release-windows-x86_64, r-oldrel-macos-arm64, r-oldrel-macos-x86_64, r-oldrel-windows-x86_64