CRAN Package Check Results for Package seminr

Last updated on 2024-06-19 00:49:40 CEST.

Flavor Version Tinstall Tcheck Ttotal Status Flags
r-devel-linux-x86_64-debian-clang 2.3.2 9.29 143.52 152.81 ERROR
r-devel-linux-x86_64-debian-gcc 2.3.2 7.96 103.29 111.25 ERROR
r-devel-linux-x86_64-fedora-clang 2.3.3 210.94 NOTE
r-devel-linux-x86_64-fedora-gcc 2.3.3 244.47 NOTE
r-devel-windows-x86_64 2.3.3 11.00 292.00 303.00 OK
r-patched-linux-x86_64 2.3.2 7.27 136.58 143.85 ERROR
r-release-linux-x86_64 2.3.2 6.11 140.94 147.05 ERROR
r-release-macos-arm64 2.3.3 149.00 OK
r-release-macos-x86_64 2.3.3 409.00 OK
r-release-windows-x86_64 2.3.2 9.00 308.00 317.00 OK
r-oldrel-macos-arm64 2.3.3 177.00 OK
r-oldrel-macos-x86_64 2.3.3 392.00 OK
r-oldrel-windows-x86_64 2.3.2 11.00 352.00 363.00 ERROR

Check Details

Version: 2.3.2
Check: examples
Result: ERROR Running examples in ‘seminr-Ex.R’ failed The error most likely occurred in: > base::assign(".ptime", proc.time(), pos = "CheckExEnv") > ### Name: csem2seminr > ### Title: seminr csem2seminr() function > ### Aliases: csem2seminr > > ### ** Examples > > lav_syntax <- ' + Composite model + Image <~ IMAG1 + IMAG2 + IMAG3 + IMAG4 + IMAG5 + Expectation <~ CUEX1 + CUEX2 + CUEX3 + Value <~ PERV1 + PERV2 + Satisfaction <~ CUSA1 + CUSA2 + CUSA3 + + # Structural model + Satisfaction ~ Image + Expectation + Value + ' > > csem_model <- estimate_pls(mobi, model = csem2seminr(lav_syntax)) Generating the seminr model NOTE: Importing lavaan syntax is currently experimental -- some features might not be supported Please verify imported model features carefully Error: lavaan->ldw_parse_step2(): formula without valid operator at line 1, pos 3 Composite model ^ Execution halted Examples with CPU (user + system) or elapsed time > 5s user system elapsed bootstrap_model 0.456 0.007 8.925 Flavor: r-devel-linux-x86_64-debian-clang

Version: 2.3.2
Check: examples
Result: ERROR Running examples in ‘seminr-Ex.R’ failed The error most likely occurred in: > base::assign(".ptime", proc.time(), pos = "CheckExEnv") > ### Name: csem2seminr > ### Title: seminr csem2seminr() function > ### Aliases: csem2seminr > > ### ** Examples > > lav_syntax <- ' + Composite model + Image <~ IMAG1 + IMAG2 + IMAG3 + IMAG4 + IMAG5 + Expectation <~ CUEX1 + CUEX2 + CUEX3 + Value <~ PERV1 + PERV2 + Satisfaction <~ CUSA1 + CUSA2 + CUSA3 + + # Structural model + Satisfaction ~ Image + Expectation + Value + ' > > csem_model <- estimate_pls(mobi, model = csem2seminr(lav_syntax)) Generating the seminr model NOTE: Importing lavaan syntax is currently experimental -- some features might not be supported Please verify imported model features carefully Error: lavaan->ldw_parse_step2(): formula without valid operator at line 1, pos 3 Composite model ^ Execution halted Examples with CPU (user + system) or elapsed time > 5s user system elapsed bootstrap_model 0.297 0.009 8.366 Flavor: r-devel-linux-x86_64-debian-gcc

Version: 2.3.3
Check: dependencies in R code
Result: NOTE Namespaces in Imports field not imported from: ‘knitr’ ‘rmarkdown’ ‘webp’ All declared Imports should be used. Flavors: r-devel-linux-x86_64-fedora-clang, r-devel-linux-x86_64-fedora-gcc

Version: 2.3.2
Check: examples
Result: ERROR Running examples in ‘seminr-Ex.R’ failed The error most likely occurred in: > base::assign(".ptime", proc.time(), pos = "CheckExEnv") > ### Name: csem2seminr > ### Title: seminr csem2seminr() function > ### Aliases: csem2seminr > > ### ** Examples > > lav_syntax <- ' + Composite model + Image <~ IMAG1 + IMAG2 + IMAG3 + IMAG4 + IMAG5 + Expectation <~ CUEX1 + CUEX2 + CUEX3 + Value <~ PERV1 + PERV2 + Satisfaction <~ CUSA1 + CUSA2 + CUSA3 + + # Structural model + Satisfaction ~ Image + Expectation + Value + ' > > csem_model <- estimate_pls(mobi, model = csem2seminr(lav_syntax)) Generating the seminr model NOTE: Importing lavaan syntax is currently experimental -- some features might not be supported Please verify imported model features carefully Error: lavaan->ldw_parse_step2(): formula without valid operator at line 1, pos 3 Composite model ^ Execution halted Flavors: r-patched-linux-x86_64, r-release-linux-x86_64

Version: 2.3.2
Check: examples
Result: ERROR Running examples in 'seminr-Ex.R' failed The error most likely occurred in: > ### Name: csem2seminr > ### Title: seminr csem2seminr() function > ### Aliases: csem2seminr > > ### ** Examples > > lav_syntax <- ' + Composite model + Image <~ IMAG1 + IMAG2 + IMAG3 + IMAG4 + IMAG5 + Expectation <~ CUEX1 + CUEX2 + CUEX3 + Value <~ PERV1 + PERV2 + Satisfaction <~ CUSA1 + CUSA2 + CUSA3 + + # Structural model + Satisfaction ~ Image + Expectation + Value + ' > > csem_model <- estimate_pls(mobi, model = csem2seminr(lav_syntax)) Generating the seminr model NOTE: Importing lavaan syntax is currently experimental -- some features might not be supported Please verify imported model features carefully Error: lavaan->ldw_parse_step2(): formula without valid operator at line 1, pos 3 Composite model ^ Execution halted Flavor: r-oldrel-windows-x86_64