CRAN Package Check Results for Package sanketphonetictranslator

Last updated on 2024-06-23 08:51:20 CEST.

Flavor Version Tinstall Tcheck Ttotal Status Flags
r-devel-linux-x86_64-debian-clang 0.1.0 5.38 49.10 54.48 OK
r-devel-linux-x86_64-debian-gcc 0.1.0 4.23 37.41 41.64 OK
r-devel-linux-x86_64-fedora-clang 0.1.0 70.01 NOTE
r-devel-linux-x86_64-fedora-gcc 0.1.0 78.43 NOTE
r-devel-windows-x86_64 0.1.0 6.00 56.00 62.00 OK
r-patched-linux-x86_64 0.1.0 4.03 48.44 52.47 OK
r-release-linux-x86_64 0.1.0 3.27 46.63 49.90 OK
r-release-macos-arm64 0.1.0 30.00 OK
r-release-macos-x86_64 0.1.0 48.00 OK
r-release-windows-x86_64 0.1.0 6.00 56.00 62.00 OK
r-oldrel-macos-arm64 0.1.0 34.00 OK
r-oldrel-macos-x86_64 0.1.0 53.00 OK
r-oldrel-windows-x86_64 0.1.0 7.00 60.00 67.00 OK

Check Details

Version: 0.1.0
Check: data for non-ASCII characters
Result: NOTE Note: found 18 marked UTF-8 strings Flavors: r-devel-linux-x86_64-fedora-clang, r-devel-linux-x86_64-fedora-gcc