CRAN Package Check Results for Package rworldxtra

Last updated on 2024-06-15 00:54:17 CEST.

Flavor Version Tinstall Tcheck Ttotal Status Flags
r-devel-linux-x86_64-debian-clang 1.01 2.23 23.23 25.46 NOTE
r-devel-linux-x86_64-debian-gcc 1.01 2.04 18.71 20.75 NOTE
r-devel-linux-x86_64-fedora-clang 1.01 32.51 NOTE
r-devel-linux-x86_64-fedora-gcc 1.01 32.04 NOTE
r-devel-windows-x86_64 1.01 2.00 40.00 42.00 NOTE
r-patched-linux-x86_64 1.01 3.02 23.54 26.56 NOTE
r-release-linux-x86_64 1.01 2.04 22.54 24.58 NOTE
r-release-macos-arm64 1.01 15.00 NOTE
r-release-macos-x86_64 1.01 31.00 NOTE
r-release-windows-x86_64 1.01 3.00 41.00 44.00 NOTE
r-oldrel-macos-arm64 1.01 18.00 NOTE
r-oldrel-macos-x86_64 1.01 24.00 NOTE
r-oldrel-windows-x86_64 1.01 3.00 42.00 45.00 NOTE

Check Details

Version: 1.01
Check: DESCRIPTION meta-information
Result: NOTE Malformed Title field: should not end in a period. Flavors: r-devel-linux-x86_64-debian-clang, r-devel-linux-x86_64-debian-gcc, r-devel-linux-x86_64-fedora-clang, r-devel-linux-x86_64-fedora-gcc, r-devel-windows-x86_64, r-patched-linux-x86_64, r-release-linux-x86_64, r-release-macos-arm64, r-release-macos-x86_64, r-release-windows-x86_64, r-oldrel-macos-arm64, r-oldrel-macos-x86_64, r-oldrel-windows-x86_64

Version: 1.01
Check: installed package size
Result: NOTE installed size is 5.1Mb sub-directories of 1Mb or more: data 5.0Mb Flavors: r-devel-linux-x86_64-fedora-clang, r-devel-windows-x86_64, r-release-macos-arm64, r-release-macos-x86_64, r-release-windows-x86_64, r-oldrel-macos-arm64, r-oldrel-macos-x86_64, r-oldrel-windows-x86_64