CRAN Package Check Results for Package rvg

Last updated on 2024-05-26 15:50:03 CEST.

Flavor Version Tinstall Tcheck Ttotal Status Flags
r-devel-linux-x86_64-debian-clang 0.3.3 127.24 56.84 184.08 OK
r-devel-linux-x86_64-debian-gcc 0.3.3 84.16 43.50 127.66 OK
r-devel-linux-x86_64-fedora-clang 0.3.3 295.03 OK
r-devel-linux-x86_64-fedora-gcc 0.3.3 272.04 OK
r-devel-windows-x86_64 0.3.3 107.00 83.00 190.00 OK
r-patched-linux-x86_64 0.3.3 105.93 54.19 160.12 OK
r-release-linux-x86_64 0.3.3 125.00 55.56 180.56 OK
r-release-macos-arm64 0.3.3 63.00 OK
r-release-windows-x86_64 0.3.3 23.00 5.00 28.00 ERROR
r-oldrel-macos-arm64 0.3.3 62.00 OK
r-oldrel-macos-x86_64 0.3.3 91.00 OK
r-oldrel-windows-x86_64 0.3.3 129.00 96.00 225.00 OK

Check Details

Version: 0.3.3
Check: whether package can be installed
Result: ERROR Installation failed. Flavor: r-release-windows-x86_64