CRAN Package Check Results for Package rts2

Last updated on 2025-01-22 14:52:50 CET.

Flavor Version Tinstall Tcheck Ttotal Status Flags
r-devel-linux-x86_64-debian-clang 0.7.7 1406.32 160.82 1567.14 OK
r-devel-linux-x86_64-debian-gcc 0.7.7 1067.87 225.88 1293.75 OK
r-devel-linux-x86_64-fedora-clang 0.7.7 2427.60 OK
r-devel-linux-x86_64-fedora-gcc 0.7.7 3723.72 OK
r-devel-windows-x86_64 0.7.7 1283.00 292.00 1575.00 OK
r-patched-linux-x86_64 0.7.7 1719.61 291.66 2011.27 NOTE
r-release-linux-x86_64 0.7.7 1724.34 292.64 2016.98 NOTE
r-release-macos-arm64 0.7.7 382.00 NOTE
r-release-macos-x86_64 0.7.7 399.00 NOTE
r-release-windows-x86_64 0.7.7 1176.00 280.00 1456.00 NOTE
r-oldrel-macos-arm64 0.7.7 453.00 NOTE
r-oldrel-macos-x86_64 0.7.7 450.00 NOTE
r-oldrel-windows-x86_64 0.7.7 1528.00 354.00 1882.00 NOTE

Check Details

Version: 0.7.7
Check: package dependencies
Result: NOTE Package suggested but not available for checking: ‘cmdstanr’ Flavors: r-patched-linux-x86_64, r-release-linux-x86_64, r-release-macos-arm64, r-release-macos-x86_64, r-release-windows-x86_64, r-oldrel-macos-arm64, r-oldrel-macos-x86_64, r-oldrel-windows-x86_64

Version: 0.7.7
Check: for GNU extensions in Makefiles
Result: NOTE GNU make is a SystemRequirements. Flavors: r-patched-linux-x86_64, r-release-linux-x86_64, r-release-macos-arm64, r-release-macos-x86_64, r-release-windows-x86_64, r-oldrel-macos-arm64, r-oldrel-macos-x86_64, r-oldrel-windows-x86_64

Version: 0.7.7
Check: installed package size
Result: NOTE installed size is 217.7Mb sub-directories of 1Mb or more: data 1.5Mb libs 215.2Mb Flavors: r-release-macos-arm64, r-release-macos-x86_64, r-release-windows-x86_64, r-oldrel-macos-arm64, r-oldrel-macos-x86_64, r-oldrel-windows-x86_64