CRAN Package Check Results for Package rsolr

Last updated on 2024-05-28 08:54:46 CEST.

Flavor Version Tinstall Tcheck Ttotal Status Flags
r-devel-linux-x86_64-debian-clang 0.0.13 35.92 179.46 215.38 OK --no-tests
r-devel-linux-x86_64-debian-gcc 0.0.13 30.97 130.66 161.63 WARN --no-tests
r-devel-linux-x86_64-fedora-clang 0.0.13 273.48 OK --no-tests
r-devel-linux-x86_64-fedora-gcc 0.0.13 268.30 OK --no-tests
r-devel-windows-x86_64 0.0.13 29.00 262.00 291.00 ERROR
r-patched-linux-x86_64 0.0.13 34.61 165.80 200.41 OK --no-tests
r-release-linux-x86_64 0.0.13 40.71 163.81 204.52 OK --no-tests
r-release-macos-arm64 0.0.13 118.00 OK
r-release-macos-x86_64 0.0.13 266.00 OK
r-release-windows-x86_64 0.0.13 31.00 270.00 301.00 ERROR
r-oldrel-macos-arm64 0.0.13 116.00 OK
r-oldrel-macos-x86_64 0.0.13 226.00 OK
r-oldrel-windows-x86_64 0.0.13 44.00 325.00 369.00 OK

Additional issues

M1mac

Check Details

Version: 0.0.13
Flags: --no-tests
Check: re-building of vignette outputs
Result: WARN Error(s) in re-building vignettes: ... --- re-building ‘intro.Rnw’ using knitr % Total % Received % Xferd Average Speed Time Time Time Current Dload Upload Total Spent Left Speed 0 0 0 0 0 0 0 0 --:--:-- --:--:-- --:--:-- 0 0 0 0 0 0 0 0 0 --:--:-- --:--:-- --:--:-- 0 0 0 0 0 0 0 0 0 --:--:-- --:--:-- --:--:-- 0 0 144M 0 32768 0 0 34525 0 1:13:16 --:--:-- 1:13:16 34525 3 144M 3 5133k 0 0 2684k 0 0:00:55 0:00:01 0:00:54 5291k 6 144M 6 9670k 0 0 3245k 0 0:00:45 0:00:02 0:00:43 4747k 9 144M 9 13.1M 0 0 3452k 0 0:00:42 0:00:03 0:00:39 4545k 11 144M 11 16.9M 0 0 3533k 0 0:00:41 0:00:04 0:00:37 4371k 14 144M 14 20.8M 0 0 3616k 0 0:00:40 0:00:05 0:00:35 4301k 17 144M 17 24.9M 0 0 3696k 0 0:00:40 0:00:06 0:00:34 4083k 19 144M 19 28.1M 0 0 3646k 0 0:00:40 0:00:07 0:00:33 3888k 21 144M 21 31.2M 0 0 3591k 0 0:00:41 0:00:08 0:00:33 3700k 23 144M 23 33.9M 0 0 3504k 0 0:00:42 0:00:09 0:00:33 3475k 25 144M 25 36.7M 0 0 3447k 0 0:00:43 0:00:10 0:00:33 3246k 27 144M 27 39.6M 0 0 3408k 0 0:00:43 0:00:11 0:00:32 3011k 29 144M 29 42.6M 0 0 3381k 0 0:00:43 0:00:12 0:00:31 2962k 31 144M 31 45.6M 0 0 3355k 0 0:00:44 0:00:13 0:00:31 2935k 33 144M 33 48.5M 0 0 3333k 0 0:00:44 0:00:14 0:00:30 2995k 35 144M 35 51.5M 0 0 3318k 0 0:00:44 0:00:15 0:00:29 3038k 37 144M 37 54.4M 0 0 3294k 0 0:00:44 0:00:16 0:00:28 3023k 39 144M 39 56.9M 0 0 3253k 0 0:00:45 0:00:17 0:00:28 2923k 41 144M 41 59.7M 0 0 3234k 0 0:00:45 0:00:18 0:00:27 2895k 43 144M 43 62.7M 0 0 3227k 0 0:00:45 0:00:19 0:00:26 2910k 45 144M 45 65.8M 0 0 3224k 0 0:00:45 0:00:20 0:00:25 2924k 47 144M 47 68.9M 0 0 3223k 0 0:00:45 0:00:21 0:00:24 2984k 49 144M 49 72.1M 0 0 3223k 0 0:00:45 0:00:22 0:00:23 3113k 51 144M 51 74.4M 0 0 3190k 0 0:00:46 0:00:23 0:00:23 3022k 53 144M 53 77.2M 0 0 3175k 0 0:00:46 0:00:24 0:00:22 2966k 55 144M 55 79.6M 0 0 3147k 0 0:00:47 0:00:25 0:00:22 2823k 56 144M 56 81.9M 0 0 3117k 0 0:00:47 0:00:26 0:00:21 2651k 58 144M 58 84.0M 0 0 3081k 0 0:00:48 0:00:27 0:00:21 2432k 59 144M 59 85.6M 0 0 3032k 0 0:00:48 0:00:28 0:00:20 2278k 60 144M 60 87.1M 0 0 2980k 0 0:00:49 0:00:29 0:00:20 2013k 61 144M 61 88.6M 0 0 2937k 0 0:00:50 0:00:30 0:00:20 1849k 62 144M 62 90.2M 0 0 2896k 0 0:00:51 0:00:31 0:00:20 1707k 63 144M 63 91.7M 0 0 2851k 0 0:00:51 0:00:32 0:00:19 1571k 64 144M 64 93.0M 0 0 2808k 0 0:00:52 0:00:33 0:00:19 1515k 65 144M 65 94.5M 0 0 2772k 0 0:00:53 0:00:34 0:00:19 1525k 66 144M 66 96.1M 0 0 2740k 0 0:00:54 0:00:35 0:00:19 1523k 67 144M 67 97.2M 0 0 2698k 0 0:00:54 0:00:36 0:00:18 1429k 67 144M 67 98.1M 0 0 2649k 0 0:00:55 0:00:37 0:00:18 1319k 68 144M 68 98.9M 0 0 2603k 0 0:00:56 0:00:38 0:00:18 1216k 68 144M 68 99.7M 0 0 2557k 0 0:00:57 0:00:39 0:00:18 1058k 69 144M 69 100M 0 0 2509k 0 0:00:59 0:00:40 0:00:19 853k 69 144M 69 100M 0 0 2461k 0 0:01:00 0:00:41 0:00:19 716k 69 144M 69 101M 0 0 2416k 0 0:01:01 0:00:42 0:00:19 647k 70 144M 70 101M 0 0 2375k 0 0:01:02 0:00:43 0:00:19 597k 70 144M 70 102M 0 0 2337k 0 0:01:03 0:00:44 0:00:19 582k 71 144M 71 103M 0 0 2303k 0 0:01:04 0:00:45 0:00:19 611k 71 144M 71 104M 0 0 2271k 0 0:01:05 0:00:46 0:00:19 676k 72 144M 72 104M 0 0 2242k 0 0:01:06 0:00:47 0:00:19 746k 73 144M 73 106M 0 0 2221k 0 0:01:06 0:00:48 0:00:18 864k 74 144M 74 107M 0 0 2210k 0 0:01:07 0:00:49 0:00:18 1064k 75 144M 75 109M 0 0 2211k 0 0:01:07 0:00:50 0:00:17 1373k 77 144M 77 111M 0 0 2208k 0 0:01:07 0:00:51 0:00:16 1618k 78 144M 78 113M 0 0 2200k 0 0:01:07 0:00:52 0:00:15 1791k 79 144M 79 115M 0 0 2192k 0 0:01:07 0:00:53 0:00:14 1915k 81 144M 81 117M 0 0 2187k 0 0:01:07 0:00:54 0:00:13 1959k 82 144M 82 119M 0 0 2182k 0 0:01:07 0:00:55 0:00:12 1880k 83 144M 83 121M 0 0 2177k 0 0:01:08 0:00:56 0:00:12 1857k 84 144M 84 122M 0 0 2171k 0 0:01:08 0:00:57 0:00:11 1869k 85 144M 85 124M 0 0 2161k 0 0:01:08 0:00:58 0:00:10 1818k 87 144M 87 126M 0 0 2154k 0 0:01:08 0:00:59 0:00:09 1798k 88 144M 88 127M 0 0 2150k 0 0:01:08 0:01:00 0:00:08 1797k 89 144M 89 129M 0 0 2147k 0 0:01:09 0:01:01 0:00:08 1801k 90 144M 90 131M 0 0 2144k 0 0:01:09 0:01:02 0:00:07 1825k 92 144M 92 133M 0 0 2141k 0 0:01:09 0:01:03 0:00:06 1905k 93 144M 93 135M 0 0 2138k 0 0:01:09 0:01:04 0:00:05 1943k 95 144M 95 137M 0 0 2137k 0 0:01:09 0:01:05 0:00:04 1978k 96 144M 96 139M 0 0 2139k 0 0:01:09 0:01:06 0:00:03 2042k 98 144M 98 142M 0 0 2144k 0 0:01:09 0:01:07 0:00:02 2149k 99 144M 99 144M 0 0 2143k 0 0:01:09 0:01:08 0:00:01 2181k 100 144M 100 144M 0 0 2144k 0 0:01:09 0:01:09 --:--:-- 2235k Error: processing vignette 'intro.Rnw' failed with diagnostics: Running 'texi2dvi' on 'intro.tex' failed. LaTeX errors: ! Undefined control sequence. l.123 \hlkwd{library}\hldef {(nycflights13)} ? ! Emergency stop. ! Emergency stop. l.123 End of file on the terminal! ! ==> Fatal error occurred, no output PDF file produced! --- failed re-building ‘intro.Rnw’ SUMMARY: processing the following file failed: ‘intro.Rnw’ Error: Vignette re-building failed. Execution halted Flavor: r-devel-linux-x86_64-debian-gcc

Version: 0.0.13
Check: tests
Result: ERROR Running 'rsolr_unit_tests.R' [54s] Running the tests in 'tests/rsolr_unit_tests.R' failed. Complete output: > rsolr:::.test() Starting Solr... Use options(verbose=TRUE) to diagnose any problems. WARNING: An illegal reflective access operation has occurred WARNING: Illegal reflective access by org.apache.lucene.store.MMapDirectory$1 (file:/D:/temp/RtmpygAgTp/5.5.0/lib/lucene-core-5.5.0.jar) to method java.nio.DirectByteBuffer.cleaner() WARNING: Please consider reporting this to the maintainers of org.apache.lucene.store.MMapDirectory$1 WARNING: Use --illegal-access=warn to enable warnings of further illegal reflective access operations WARNING: All illegal access operations will be denied in a future release Solr started at: http://localhost:8983/solr/techproducts Attaching package: 'BiocGenerics' The following objects are masked from 'package:stats': IQR, mad, sd, var, xtabs The following objects are masked from 'package:base': Filter, Find, Map, Position, Reduce, anyDuplicated, aperm, append, as.data.frame, basename, cbind, colnames, dirname, do.call, duplicated, eval, evalq, get, grep, grepl, intersect, is.unsorted, lapply, mapply, match, mget, order, paste, pmax, pmax.int, pmin, pmin.int, rank, rbind, rownames, sapply, setdiff, table, tapply, union, unique, unsplit, which.max, which.min Attaching package: 'rsolr' The following object is masked from 'package:stats': ftable The following object is masked from 'package:grDevices': windows The following object is masked from 'package:base': grouping Error in x$.self$finalize() : attempt to apply non-function Error in x$.self$finalize() : attempt to apply non-function Error in x$.self$finalize() : attempt to apply non-function Error in x$.self$finalize() : attempt to apply non-function Error in x$.self$finalize() : attempt to apply non-function Error in x$.self$finalize() : attempt to apply non-function Error in x$.self$finalize() : attempt to apply non-function Error in x$.self$finalize() : attempt to apply non-function Error in x$.self$finalize() : attempt to apply non-function Error in x$.self$finalize() : attempt to apply non-function Timing stopped at: 4.97 0.1 5.73 Error in checkIdentical(as.table(fct), toTable(tab)) : FALSE Starting Solr... Use options(verbose=TRUE) to diagnose any problems. WARNING: An illegal reflective access operation has occurred WARNING: Illegal reflective access by org.apache.lucene.store.MMapDirectory$1 (file:/D:/temp/RtmpygAgTp/5.5.0/lib/lucene-core-5.5.0.jar) to method java.nio.DirectByteBuffer.cleaner() WARNING: Please consider reporting this to the maintainers of org.apache.lucene.store.MMapDirectory$1 WARNING: Use --illegal-access=warn to enable warnings of further illegal reflective access operations WARNING: All illegal access operations will be denied in a future release Solr started at: http://localhost:8983/solr/Cars93 Starting Solr... Use options(verbose=TRUE) to diagnose any problems. WARNING: An illegal reflective access operation has occurred WARNING: Illegal reflective access by org.apache.lucene.store.MMapDirectory$1 (file:/D:/temp/RtmpygAgTp/5.5.0/lib/lucene-core-5.5.0.jar) to method java.nio.DirectByteBuffer.cleaner() WARNING: Please consider reporting this to the maintainers of org.apache.lucene.store.MMapDirectory$1 WARNING: Use --illegal-access=warn to enable warnings of further illegal reflective access operations WARNING: All illegal access operations will be denied in a future release Solr started at: http://localhost:8983/solr/Cars93 RUNIT TEST PROTOCOL -- Sun May 26 16:18:20 2024 *********************************************** Number of test functions: 7 Number of errors: 0 Number of failures: 1 1 Test Suite : rsolr RUnit Tests - 7 test functions, 0 errors, 1 failure FAILURE in test_SolrQuery: Error in checkIdentical(as.table(fct), toTable(tab)) : FALSE Test files with failing tests test_SolrQuery.R test_SolrQuery Error in get("testPackage", getNamespace("BiocGenerics"))("rsolr") : unit tests failed for package rsolr Calls: <Anonymous> -> <Anonymous> Execution halted Flavor: r-devel-windows-x86_64

Version: 0.0.13
Check: tests
Result: ERROR Running 'rsolr_unit_tests.R' [55s] Running the tests in 'tests/rsolr_unit_tests.R' failed. Complete output: > rsolr:::.test() Starting Solr... Use options(verbose=TRUE) to diagnose any problems. WARNING: An illegal reflective access operation has occurred WARNING: Illegal reflective access by org.apache.lucene.store.MMapDirectory$1 (file:/D:/temp/RtmpWWU4rw/5.5.0/lib/lucene-core-5.5.0.jar) to method java.nio.DirectByteBuffer.cleaner() WARNING: Please consider reporting this to the maintainers of org.apache.lucene.store.MMapDirectory$1 WARNING: Use --illegal-access=warn to enable warnings of further illegal reflective access operations WARNING: All illegal access operations will be denied in a future release Solr started at: http://localhost:8983/solr/techproducts Attaching package: 'BiocGenerics' The following objects are masked from 'package:stats': IQR, mad, sd, var, xtabs The following objects are masked from 'package:base': Filter, Find, Map, Position, Reduce, anyDuplicated, aperm, append, as.data.frame, basename, cbind, colnames, dirname, do.call, duplicated, eval, evalq, get, grep, grepl, intersect, is.unsorted, lapply, mapply, match, mget, order, paste, pmax, pmax.int, pmin, pmin.int, rank, rbind, rownames, sapply, setdiff, table, tapply, union, unique, unsplit, which.max, which.min Attaching package: 'rsolr' The following object is masked from 'package:stats': ftable The following object is masked from 'package:grDevices': windows The following object is masked from 'package:base': grouping Timing stopped at: 4.95 0.16 5.9 Error in checkIdentical(as.table(fct), toTable(tab)) : FALSE Starting Solr... Use options(verbose=TRUE) to diagnose any problems. WARNING: An illegal reflective access operation has occurred WARNING: Illegal reflective access by org.apache.lucene.store.MMapDirectory$1 (file:/D:/temp/RtmpWWU4rw/5.5.0/lib/lucene-core-5.5.0.jar) to method java.nio.DirectByteBuffer.cleaner() WARNING: Please consider reporting this to the maintainers of org.apache.lucene.store.MMapDirectory$1 WARNING: Use --illegal-access=warn to enable warnings of further illegal reflective access operations WARNING: All illegal access operations will be denied in a future release Solr started at: http://localhost:8983/solr/Cars93 Starting Solr... Use options(verbose=TRUE) to diagnose any problems. WARNING: An illegal reflective access operation has occurred WARNING: Illegal reflective access by org.apache.lucene.store.MMapDirectory$1 (file:/D:/temp/RtmpWWU4rw/5.5.0/lib/lucene-core-5.5.0.jar) to method java.nio.DirectByteBuffer.cleaner() WARNING: Please consider reporting this to the maintainers of org.apache.lucene.store.MMapDirectory$1 WARNING: Use --illegal-access=warn to enable warnings of further illegal reflective access operations WARNING: All illegal access operations will be denied in a future release Solr started at: http://localhost:8983/solr/Cars93 RUNIT TEST PROTOCOL -- Sat May 25 15:14:44 2024 *********************************************** Number of test functions: 7 Number of errors: 0 Number of failures: 1 1 Test Suite : rsolr RUnit Tests - 7 test functions, 0 errors, 1 failure FAILURE in test_SolrQuery: Error in checkIdentical(as.table(fct), toTable(tab)) : FALSE Test files with failing tests test_SolrQuery.R test_SolrQuery Error in get("testPackage", getNamespace("BiocGenerics"))("rsolr") : unit tests failed for package rsolr Calls: <Anonymous> -> <Anonymous> Execution halted Flavor: r-release-windows-x86_64