CRAN Package Check Results for Package rmoo

Last updated on 2024-04-22 00:53:31 CEST.

Flavor Version Tinstall Tcheck Ttotal Status Flags
r-devel-linux-x86_64-debian-clang 0.2.0 10.75 92.08 102.83 NOTE
r-devel-linux-x86_64-debian-gcc 0.2.0 8.30 67.90 76.20 NOTE
r-devel-linux-x86_64-fedora-clang 0.2.0 132.10 NOTE
r-devel-linux-x86_64-fedora-gcc 0.2.0 122.94 NOTE
r-prerel-macos-arm64 0.2.0 39.00 NOTE
r-prerel-windows-x86_64 0.2.0 11.00 95.00 106.00 NOTE
r-patched-linux-x86_64 0.2.0 14.12 88.53 102.65 NOTE
r-release-linux-x86_64 0.2.0 7.95 87.39 95.34 OK
r-release-macos-arm64 0.2.0 38.00 OK
r-release-macos-x86_64 0.2.0 66.00 OK
r-release-windows-x86_64 0.2.0 16.00 111.00 127.00 OK
r-oldrel-macos-arm64 0.2.0 38.00 OK
r-oldrel-windows-x86_64 0.2.0 16.00 103.00 119.00 OK

Check Details

Version: 0.2.0
Check: Rd files
Result: NOTE checkRd: (-1) nsgaControl.Rd:20-27: Lost braces in \itemize; meant \describe ? checkRd: (-1) nsgaControl.Rd:28-35: Lost braces in \itemize; meant \describe ? checkRd: (-1) nsgaControl.Rd:36-43: Lost braces in \itemize; meant \describe ? checkRd: (-1) nsgaControl.Rd:45: Lost braces in \itemize; meant \describe ? checkRd: (-1) plot-methods.Rd:53: Lost braces in \itemize; meant \describe ? checkRd: (-1) plot-methods.Rd:54: Lost braces in \itemize; meant \describe ? checkRd: (-1) plot-methods.Rd:55: Lost braces in \itemize; meant \describe ? checkRd: (-1) plot-methods.Rd:56: Lost braces in \itemize; meant \describe ? Flavors: r-devel-linux-x86_64-debian-clang, r-devel-linux-x86_64-debian-gcc, r-devel-linux-x86_64-fedora-clang, r-devel-linux-x86_64-fedora-gcc, r-prerel-macos-arm64, r-prerel-windows-x86_64, r-patched-linux-x86_64