CRAN Package Check Results for Package rminer

Last updated on 2024-04-12 01:00:39 CEST.

Flavor Version Tinstall Tcheck Ttotal Status Flags
r-devel-linux-x86_64-debian-clang 1.4.6 41.23 232.88 274.11 NOTE
r-devel-linux-x86_64-debian-gcc 1.4.6 30.97 166.40 197.37 NOTE
r-devel-linux-x86_64-fedora-clang 1.4.6 329.04 NOTE
r-devel-linux-x86_64-fedora-gcc 1.4.6 314.56 NOTE
r-devel-windows-x86_64 1.4.6 30.00 162.00 192.00 NOTE
r-patched-linux-x86_64 1.4.6 31.90 215.08 246.98 NOTE
r-release-linux-x86_64 1.4.6 33.82 225.86 259.68 OK
r-release-macos-arm64 1.4.6 83.00 OK
r-release-macos-x86_64 1.4.6 146.00 OK
r-release-windows-x86_64 1.4.6 42.00 209.00 251.00 OK
r-oldrel-macos-arm64 1.4.6 77.00 OK
r-oldrel-windows-x86_64 1.4.6 40.00 205.00 245.00 OK

Check Details

Version: 1.4.6
Check: Rd files
Result: NOTE checkRd: (-1) mgraph.Rd:62: Lost braces 62 | \item{TC}{target class (for multi-class classification class) within {1,...,\emph{Nc}}, where \emph{Nc} is the number of classes. If multi-class and TC==-1 then TC is set to | ^ checkRd: (-1) mmetric.Rd:112: Lost braces 112 | \item{TC}{target class index or vector of indexes (for multi-class classification class) within {1,...,\emph{Nc}}, where \emph{Nc} is the number of classes:<cr> | ^ checkRd: (-1) mparheuristic.Rd:27: Lost braces 27 | except for SVM several \code{rbfdot} kernel based models (\code{"ksvm"},\code{"rsvm"},\code{"lssvm"}, which can assume \code{2^}{search-range}; please check the result of this function to confirm if the search is linear or \code{2^}{search-range}). | ^ checkRd: (-1) mparheuristic.Rd:27: Lost braces 27 | except for SVM several \code{rbfdot} kernel based models (\code{"ksvm"},\code{"rsvm"},\code{"lssvm"}, which can assume \code{2^}{search-range}; please check the result of this function to confirm if the search is linear or \code{2^}{search-range}). | ^ Flavors: r-devel-linux-x86_64-debian-clang, r-devel-linux-x86_64-debian-gcc, r-devel-linux-x86_64-fedora-clang, r-devel-linux-x86_64-fedora-gcc, r-devel-windows-x86_64, r-patched-linux-x86_64