CRAN Package Check Results for Package rmapshaper

Last updated on 2024-07-21 00:56:28 CEST.

Flavor Version Tinstall Tcheck Ttotal Status Flags
r-devel-linux-x86_64-debian-clang 0.5.0 5.70 88.71 94.41 NOTE
r-devel-linux-x86_64-debian-gcc 0.5.0 4.67 68.22 72.89 NOTE
r-devel-linux-x86_64-fedora-gcc 0.5.0 128.27 NOTE
r-devel-windows-x86_64 0.5.0 7.00 84.00 91.00 NOTE
r-patched-linux-x86_64 0.5.0 5.38 88.76 94.14 NOTE
r-release-linux-x86_64 0.5.0 5.59 88.68 94.27 NOTE
r-release-macos-arm64 0.5.0 42.00 NOTE
r-release-macos-x86_64 0.5.0 63.00 NOTE
r-release-windows-x86_64 0.5.0 7.00 84.00 91.00 NOTE
r-oldrel-macos-arm64 0.5.0 42.00 OK
r-oldrel-macos-x86_64 0.5.0 77.00 OK
r-oldrel-windows-x86_64 0.5.0 8.00 94.00 102.00 OK

Check Details

Version: 0.5.0
Check: Rd files
Result: NOTE checkRd: (-1) ms_simplify.Rd:36: Lost braces 36 | \url{https://github.com/mbloch/mapshaper/wiki/Simplification-Tips}{link} | ^ Flavors: r-devel-linux-x86_64-debian-clang, r-devel-linux-x86_64-debian-gcc, r-devel-linux-x86_64-fedora-gcc, r-devel-windows-x86_64, r-patched-linux-x86_64, r-release-linux-x86_64, r-release-macos-arm64, r-release-macos-x86_64, r-release-windows-x86_64