CRAN Package Check Results for Package rllama

Last updated on 2024-07-25 16:46:22 CEST.

Flavor Version Tinstall Tcheck Ttotal Status Flags
r-devel-linux-x86_64-debian-clang 0.4.4 2.25 35.19 37.44 OK
r-devel-linux-x86_64-debian-gcc 0.4.4 1.99 26.47 28.46 OK
r-devel-linux-x86_64-fedora-clang 0.4.4 47.76 OK
r-devel-linux-x86_64-fedora-gcc 0.4.4 44.48 OK
r-devel-windows-x86_64 0.4.4 5.00 49.00 54.00 OK
r-patched-linux-x86_64 0.4.4 OK
r-release-linux-x86_64 0.4.4 2.36 33.28 35.64 OK
r-release-macos-arm64 0.4.4 26.00 ERROR
r-release-macos-x86_64 0.4.4 34.00 ERROR
r-release-windows-x86_64 0.4.4 3.00 48.00 51.00 OK
r-oldrel-macos-arm64 0.4.4 40.00 OK
r-oldrel-macos-x86_64 0.4.4 37.00 OK
r-oldrel-windows-x86_64 0.4.4 4.00 51.00 55.00 OK

Check Details

Version: 0.4.4
Check: examples
Result: ERROR Running examples in ‘rllama-Ex.R’ failed The error most likely occurred in: > ### Name: get_defillama_chain_hist_tvl > ### Title: Chain History Data > ### Aliases: get_defillama_chain_hist_tvl > > ### ** Examples > > # total tvl by date > chain_tvl = get_defillama_chain_hist_tvl( "Ethereum" ) Error in curl::curl_fetch_memory(url, handle = handle) : Timeout was reached: [api.llama.fi] Resolving timed out after 10003 milliseconds Calls: get_defillama_chain_hist_tvl ... request_fetch -> request_fetch.write_memory -> <Anonymous> Execution halted Flavors: r-release-macos-arm64, r-release-macos-x86_64