Last updated on 2025-01-23 19:49:35 CET.
Flavor | Version | Tinstall | Tcheck | Ttotal | Status | Flags |
---|---|---|---|---|---|---|
r-devel-linux-x86_64-debian-clang | 2.1.0 | 109.73 | 485.93 | 595.66 | OK | |
r-devel-linux-x86_64-debian-gcc | 2.1.0 | 82.29 | 317.88 | 400.17 | OK | |
r-devel-linux-x86_64-fedora-clang | 2.1.0 | 1038.69 | OK | |||
r-devel-linux-x86_64-fedora-gcc | 2.1.0 | 1031.57 | OK | |||
r-devel-windows-x86_64 | 2.1.0 | 108.00 | 634.00 | 742.00 | OK | |
r-patched-linux-x86_64 | 2.1.0 | 115.56 | 447.77 | 563.33 | NOTE | |
r-release-linux-x86_64 | 2.1.0 | 103.56 | 453.64 | 557.20 | NOTE | |
r-release-macos-arm64 | 2.1.0 | 164.00 | NOTE | |||
r-release-macos-x86_64 | 2.1.0 | 252.00 | NOTE | |||
r-release-windows-x86_64 | 2.1.0 | 102.00 | 636.00 | 738.00 | NOTE | |
r-oldrel-macos-arm64 | 2.1.0 | 195.00 | NOTE | |||
r-oldrel-macos-x86_64 | 2.1.0 | 235.00 | NOTE | |||
r-oldrel-windows-x86_64 | 2.1.0 | 136.00 | 864.00 | 1000.00 | NOTE |
Version: 2.1.0
Check: package dependencies
Result: NOTE
Packages suggested but not available for checking:
'DoubletFinder', 'RcppPlanc'
Flavors: r-patched-linux-x86_64, r-release-linux-x86_64, r-release-macos-x86_64, r-release-windows-x86_64, r-oldrel-windows-x86_64
Version: 2.1.0
Check: package dependencies
Result: NOTE
Packages suggested but not available for checking:
'DoubletFinder', 'RcppPlanc', 'reactome.db'
Flavor: r-release-macos-arm64
Version: 2.1.0
Check: installed package size
Result: NOTE
installed size is 9.5Mb
sub-directories of 1Mb or more:
R 1.0Mb
libs 6.4Mb
Flavors: r-release-macos-arm64, r-release-macos-x86_64, r-oldrel-macos-arm64, r-oldrel-macos-x86_64
Version: 2.1.0
Check: package dependencies
Result: NOTE
Packages suggested but not available for checking:
'DoubletFinder', 'EnhancedVolcano', 'RcppPlanc', 'reactome.db'
Flavors: r-oldrel-macos-arm64, r-oldrel-macos-x86_64