CRAN Package Check Results for Package riceidconverter

Last updated on 2024-04-18 16:50:07 CEST.

Flavor Version Tinstall Tcheck Ttotal Status Flags
r-devel-linux-x86_64-debian-clang 1.1.1 7.13 26.18 33.31 NOTE
r-devel-linux-x86_64-debian-gcc 1.1.1 7.14 21.45 28.59 NOTE
r-devel-linux-x86_64-fedora-clang 1.1.1 47.50 NOTE
r-devel-linux-x86_64-fedora-gcc 1.1.1 45.42 NOTE
r-prerel-macos-arm64 1.1.1 21.00 NOTE
r-prerel-windows-x86_64 1.1.1 10.00 42.00 52.00 NOTE
r-patched-linux-x86_64 1.1.1 9.13 26.36 35.49 NOTE
r-release-linux-x86_64 1.1.1 7.93 26.65 34.58 NOTE
r-release-macos-arm64 1.1.1 24.00 NOTE
r-release-macos-x86_64 1.1.1 30.00 NOTE
r-release-windows-x86_64 1.1.1 11.00 42.00 53.00 NOTE
r-oldrel-macos-arm64 1.1.1 23.00 NOTE
r-oldrel-windows-x86_64 1.1.1 12.00 46.00 58.00 NOTE

Check Details

Version: 1.1.1
Check: LazyData
Result: NOTE 'LazyData' is specified without a 'data' directory Flavors: r-devel-linux-x86_64-debian-clang, r-devel-linux-x86_64-debian-gcc, r-devel-linux-x86_64-fedora-clang, r-devel-linux-x86_64-fedora-gcc, r-prerel-macos-arm64, r-prerel-windows-x86_64, r-patched-linux-x86_64, r-release-linux-x86_64, r-release-macos-arm64, r-release-macos-x86_64, r-release-windows-x86_64, r-oldrel-macos-arm64, r-oldrel-windows-x86_64