CRAN Package Check Results for Package readtext

Last updated on 2024-07-21 00:56:27 CEST.

Flavor Version Tinstall Tcheck Ttotal Status Flags
r-devel-linux-x86_64-debian-clang 0.91 6.18 72.50 78.68 OK
r-devel-linux-x86_64-debian-gcc 0.91 4.05 54.69 58.74 OK
r-devel-linux-x86_64-fedora-clang 0.91 102.74 NOTE
r-devel-linux-x86_64-fedora-gcc 0.91 106.20 NOTE
r-devel-windows-x86_64 0.91 7.00 75.00 82.00 NOTE
r-patched-linux-x86_64 0.91 10.99 69.96 80.95 OK
r-release-linux-x86_64 0.91 4.48 69.72 74.20 OK
r-release-macos-arm64 0.91 41.00 OK
r-release-macos-x86_64 0.91 58.00 OK
r-release-windows-x86_64 0.91 8.00 75.00 83.00 OK
r-oldrel-macos-arm64 0.91 40.00 OK
r-oldrel-macos-x86_64 0.91 83.00 OK
r-oldrel-windows-x86_64 0.91 8.00 84.00 92.00 OK

Check Details

Version: 0.91
Check: data for non-ASCII characters
Result: NOTE Note: found 1 marked Latin-1 string Note: found 1 marked UTF-8 string Note: found 7 strings marked as "bytes" Flavors: r-devel-linux-x86_64-fedora-clang, r-devel-linux-x86_64-fedora-gcc

Version: 0.91
Check: Rd cross-references
Result: NOTE Found the following Rd file(s) with Rd \link{} targets missing package anchors: readtext.Rd: fread Please provide package anchors for all Rd \link{} targets not in the package itself and the base packages. Flavor: r-devel-windows-x86_64