CRAN Package Check Results for Package randtoolbox

Last updated on 2024-04-22 16:56:10 CEST.

Flavor Version Tinstall Tcheck Ttotal Status Flags
r-devel-linux-x86_64-debian-clang 2.0.4 14.09 78.70 92.79 NOTE
r-devel-linux-x86_64-debian-gcc 2.0.4 10.54 58.32 68.86 NOTE
r-devel-linux-x86_64-fedora-clang 2.0.4 116.03 NOTE
r-devel-linux-x86_64-fedora-gcc 2.0.4 123.86 NOTE
r-prerel-macos-arm64 2.0.4 52.00 NOTE
r-prerel-windows-x86_64 2.0.4 28.00 124.00 152.00 NOTE
r-patched-linux-x86_64 2.0.4 12.73 75.47 88.20 NOTE
r-release-linux-x86_64 2.0.4 13.43 74.85 88.28 OK
r-release-macos-arm64 2.0.4 56.00 OK
r-release-macos-x86_64 2.0.4 76.00 NOTE
r-release-windows-x86_64 2.0.4 32.00 123.00 155.00 OK
r-oldrel-macos-arm64 2.0.4 54.00 OK
r-oldrel-windows-x86_64 2.0.4 67.00 196.00 263.00 OK

Check Details

Version: 2.0.4
Check: Rd files
Result: NOTE checkRd: (-1) auxfun.Rd:22: Lost braces in \itemize; meant \describe ? checkRd: (-1) auxfun.Rd:23: Lost braces in \itemize; meant \describe ? checkRd: (-1) auxfun.Rd:24: Lost braces in \itemize; meant \describe ? checkRd: (-1) auxfun.Rd:25: Lost braces in \itemize; meant \describe ? checkRd: (-1) auxfun.Rd:26: Lost braces in \itemize; meant \describe ? checkRd: (-1) auxfun.Rd:34: Lost braces in \itemize; meant \describe ? checkRd: (-1) auxfun.Rd:35-37: Lost braces in \itemize; meant \describe ? checkRd: (-1) auxfun.Rd:38-44: Lost braces in \itemize; meant \describe ? Flavors: r-devel-linux-x86_64-debian-clang, r-devel-linux-x86_64-debian-gcc, r-devel-linux-x86_64-fedora-clang, r-devel-linux-x86_64-fedora-gcc, r-prerel-macos-arm64, r-prerel-windows-x86_64, r-patched-linux-x86_64

Version: 2.0.4
Check: re-building of vignette outputs
Result: NOTE Error(s) in re-building vignettes: --- re-building ‘fullpres.Rnw’ using Sweave Loading required package: rngWELL This is randtoolbox. For an overview, type 'help("randtoolbox")'. Warning in sobol(10^3, 2, scrambling = 1) : scrambling is currently disabled. Warning in sobol(10^3, 2, scrambling = 2) : scrambling is currently disabled. Warning in coll.test(runif, 2^7, 2^10, 1, echo = FALSE) : p-values will be approximated in the presence of low expected collision number. Warning in coll.test(congruRand, 2^8, 2^14, 1, echo = FALSE) : p-values will be approximated in the presence of low expected collision number. Error: processing vignette 'fullpres.Rnw' failed with diagnostics: Running 'texi2dvi' on 'fullpres.tex' failed. LaTeX errors: ! LaTeX Error: File `perpage.sty' not found. Type X to quit or <RETURN> to proceed, or enter new name. (Default extension: sty) ! Emergency stop. <read *> l.79 \MakePerPage [1]{footnote}^^M ! ==> Fatal error occurred, no output PDF file produced! --- failed re-building ‘fullpres.Rnw’ --- re-building ‘shortintro.Rnw’ using Sweave Loading required package: rngWELL This is randtoolbox. For an overview, type 'help("randtoolbox")'. Warning in RNGkind("default") : someone corrupted the random-number generator: re-initializing Error: processing vignette 'shortintro.Rnw' failed with diagnostics: Running 'texi2dvi' on 'shortintro.tex' failed. LaTeX errors: ! LaTeX Error: File `perpage.sty' not found. Type X to quit or <RETURN> to proceed, or enter new name. (Default extension: sty) ! Emergency stop. <read *> l.87 \MakePerPage [1]{footnote}^^M ! ==> Fatal error occurred, no output PDF file produced! --- failed re-building ‘shortintro.Rnw’ SUMMARY: processing the following files failed: ‘fullpres.Rnw’ ‘shortintro.Rnw’ Error: Vignette re-building failed. Execution halted Flavor: r-release-macos-x86_64