CRAN Package Check Results for Package randomcoloR

Last updated on 2024-05-22 16:53:58 CEST.

Flavor Version Tinstall Tcheck Ttotal Status Flags
r-devel-linux-x86_64-debian-clang 1.1.0.1 4.72 43.21 47.93 NOTE
r-devel-linux-x86_64-debian-gcc 1.1.0.1 3.23 32.88 36.11 NOTE
r-devel-linux-x86_64-fedora-clang 1.1.0.1 58.50 NOTE
r-devel-linux-x86_64-fedora-gcc 1.1.0.1 55.59 NOTE
r-devel-windows-x86_64 1.1.0.1 5.00 57.00 62.00 NOTE
r-patched-linux-x86_64 1.1.0.1 4.31 41.60 45.91 NOTE
r-release-linux-x86_64 1.1.0.1 3.30 41.70 45.00 NOTE
r-release-macos-arm64 1.1.0.1 20.00 NOTE
r-release-windows-x86_64 1.1.0.1 5.00 56.00 61.00 NOTE
r-oldrel-macos-arm64 1.1.0.1 23.00 NOTE
r-oldrel-macos-x86_64 1.1.0.1 38.00 NOTE
r-oldrel-windows-x86_64 1.1.0.1 6.00 58.00 64.00 NOTE

Check Details

Version: 1.1.0.1
Check: LazyData
Result: NOTE 'LazyData' is specified without a 'data' directory Flavors: r-devel-linux-x86_64-debian-clang, r-devel-linux-x86_64-debian-gcc, r-devel-linux-x86_64-fedora-clang, r-devel-linux-x86_64-fedora-gcc, r-devel-windows-x86_64, r-patched-linux-x86_64, r-release-linux-x86_64, r-release-macos-arm64, r-release-windows-x86_64, r-oldrel-macos-arm64, r-oldrel-macos-x86_64, r-oldrel-windows-x86_64