CRAN Package Check Results for Package rODE

Last updated on 2025-06-22 11:49:50 CEST.

Flavor Version Tinstall Tcheck Ttotal Status Flags
r-devel-linux-x86_64-debian-clang 0.99.6 4.97 105.50 110.47 OK
r-devel-linux-x86_64-debian-gcc 0.99.6 3.56 72.81 76.37 OK
r-devel-linux-x86_64-fedora-clang 0.99.6 167.82 NOTE
r-devel-linux-x86_64-fedora-gcc 0.99.6 174.00 NOTE
r-devel-windows-x86_64 0.99.6 7.00 114.00 121.00 OK
r-patched-linux-x86_64 0.99.6 5.61 97.04 102.65 OK
r-release-linux-x86_64 0.99.6 4.69 97.71 102.40 OK
r-release-macos-arm64 0.99.6 58.00 OK
r-release-macos-x86_64 0.99.6 113.00 OK
r-release-windows-x86_64 0.99.6 6.00 116.00 122.00 OK
r-oldrel-macos-arm64 0.99.6 57.00 NOTE
r-oldrel-macos-x86_64 0.99.6 89.00 NOTE
r-oldrel-windows-x86_64 0.99.6 6.00 146.00 152.00 NOTE

Check Details

Version: 0.99.6
Check: dependencies in R code
Result: NOTE Namespace in Imports field not imported from: ‘data.table’ All declared Imports should be used. Flavors: r-devel-linux-x86_64-fedora-clang, r-devel-linux-x86_64-fedora-gcc

Version: 0.99.6
Check: LazyData
Result: NOTE 'LazyData' is specified without a 'data' directory Flavors: r-oldrel-macos-arm64, r-oldrel-macos-x86_64, r-oldrel-windows-x86_64