CRAN Package Check Results for Package quiddich

Last updated on 2024-05-20 08:49:07 CEST.

Flavor Version Tinstall Tcheck Ttotal Status Flags
r-devel-linux-x86_64-debian-clang 1.0.0 3.76 41.38 45.14 NOTE
r-devel-linux-x86_64-debian-gcc 1.0.0 2.61 32.45 35.06 NOTE
r-devel-linux-x86_64-fedora-clang 1.0.0 60.08 NOTE
r-devel-linux-x86_64-fedora-gcc 1.0.0 56.67 NOTE
r-devel-windows-x86_64 1.0.0 3.00 52.00 55.00 NOTE
r-patched-linux-x86_64 1.0.0 3.76 40.83 44.59 NOTE
r-release-linux-x86_64 1.0.0 2.34 40.24 42.58 NOTE
r-release-macos-arm64 1.0.0 21.00 NOTE
r-release-windows-x86_64 1.0.0 4.00 52.00 56.00 NOTE
r-oldrel-macos-arm64 1.0.0 22.00 NOTE
r-oldrel-macos-x86_64 1.0.0 30.00 NOTE
r-oldrel-windows-x86_64 1.0.0 6.00 66.00 72.00 NOTE

Check Details

Version: 1.0.0
Check: LazyData
Result: NOTE 'LazyData' is specified without a 'data' directory Flavors: r-devel-linux-x86_64-debian-clang, r-devel-linux-x86_64-debian-gcc, r-devel-linux-x86_64-fedora-clang, r-devel-linux-x86_64-fedora-gcc, r-devel-windows-x86_64, r-patched-linux-x86_64, r-release-linux-x86_64, r-release-macos-arm64, r-release-windows-x86_64, r-oldrel-macos-arm64, r-oldrel-macos-x86_64, r-oldrel-windows-x86_64