CRAN Package Check Results for Package qtlpoly

Last updated on 2024-04-20 08:51:06 CEST.

Flavor Version Tinstall Tcheck Ttotal Status Flags
r-devel-linux-x86_64-debian-clang 0.2.4 68.47 268.01 336.48 OK
r-devel-linux-x86_64-debian-gcc 0.2.4 54.64 192.07 246.71 OK
r-devel-linux-x86_64-fedora-clang 0.2.4 479.67 OK
r-devel-linux-x86_64-fedora-gcc 0.2.4 473.75 OK
r-prerel-macos-arm64 0.2.4 124.00 NOTE
r-prerel-macos-x86_64 0.2.4 133.00 NOTE
r-prerel-windows-x86_64 0.2.4 67.00 193.00 260.00 OK
r-patched-linux-x86_64 0.2.4 67.07 255.94 323.01 OK
r-release-linux-x86_64 0.2.4 66.28 241.39 307.67 OK
r-release-macos-arm64 0.2.4 78.00 NOTE
r-release-macos-x86_64 0.2.4 130.00 NOTE
r-release-windows-x86_64 0.2.4 63.00 239.00 302.00 OK
r-oldrel-macos-arm64 0.2.4 79.00 NOTE
r-oldrel-windows-x86_64 0.2.4 64.00 236.00 300.00 OK

Check Details

Version: 0.2.4
Check: installed package size
Result: NOTE installed size is 6.4Mb sub-directories of 1Mb or more: libs 5.4Mb Flavors: r-prerel-macos-arm64, r-prerel-macos-x86_64, r-release-macos-arm64, r-release-macos-x86_64, r-oldrel-macos-arm64