CRAN Package Check Results for Package qacBase

Last updated on 2024-07-24 16:53:58 CEST.

Flavor Version Tinstall Tcheck Ttotal Status Flags
r-devel-linux-x86_64-debian-clang 1.0.3 11.34 158.49 169.83 NOTE
r-devel-linux-x86_64-debian-gcc 1.0.3 9.75 118.34 128.09 NOTE
r-devel-linux-x86_64-fedora-clang 1.0.3 223.51 NOTE
r-devel-linux-x86_64-fedora-gcc 1.0.3 211.36 NOTE
r-devel-windows-x86_64 1.0.3 14.00 128.00 142.00 NOTE
r-patched-linux-x86_64 1.0.3 13.44 149.17 162.61 NOTE
r-release-linux-x86_64 1.0.3 7.39 149.71 157.10 NOTE
r-release-macos-arm64 1.0.3 68.00 NOTE
r-release-macos-x86_64 1.0.3 121.00 NOTE
r-release-windows-x86_64 1.0.3 11.00 137.00 148.00 NOTE
r-oldrel-macos-arm64 1.0.3 73.00 OK
r-oldrel-macos-x86_64 1.0.3 116.00 OK
r-oldrel-windows-x86_64 1.0.3 15.00 159.00 174.00 OK

Check Details

Version: 1.0.3
Check: Rd files
Result: NOTE checkRd: (-1) crosstab.Rd:45: Lost braces in \itemize; \value handles \item{}{} directly checkRd: (-1) crosstab.Rd:46: Lost braces in \itemize; \value handles \item{}{} directly checkRd: (-1) crosstab.Rd:47: Lost braces in \itemize; \value handles \item{}{} directly checkRd: (-1) crosstab.Rd:48: Lost braces in \itemize; \value handles \item{}{} directly checkRd: (-1) crosstab.Rd:49: Lost braces in \itemize; \value handles \item{}{} directly checkRd: (-1) crosstab.Rd:50: Lost braces in \itemize; \value handles \item{}{} directly checkRd: (-1) crosstab.Rd:51-52: Lost braces in \itemize; \value handles \item{}{} directly Flavors: r-devel-linux-x86_64-debian-clang, r-devel-linux-x86_64-debian-gcc, r-devel-linux-x86_64-fedora-clang, r-devel-linux-x86_64-fedora-gcc, r-devel-windows-x86_64, r-patched-linux-x86_64, r-release-linux-x86_64, r-release-macos-arm64, r-release-macos-x86_64, r-release-windows-x86_64

Version: 1.0.3
Check: Rd cross-references
Result: NOTE Found the following Rd file(s) with Rd \link{} targets missing package anchors: univariate_plot.Rd: ggplot2, patchwork Please provide package anchors for all Rd \link{} targets not in the package itself and the base packages. Flavors: r-devel-linux-x86_64-debian-gcc, r-devel-windows-x86_64