CRAN Package Check Results for Package pubmedR

Last updated on 2024-05-18 01:08:08 CEST.

Flavor Version Tinstall Tcheck Ttotal Status Flags
r-devel-linux-x86_64-debian-clang 0.0.3 2.13 35.44 37.57 NOTE
r-devel-linux-x86_64-debian-gcc 0.0.3 2.21 27.15 29.36 NOTE
r-devel-linux-x86_64-fedora-clang 0.0.3 51.46 NOTE
r-devel-linux-x86_64-fedora-gcc 0.0.3 63.28 NOTE
r-devel-windows-x86_64 0.0.3 3.00 46.00 49.00 NOTE
r-patched-linux-x86_64 0.0.3 3.22 34.37 37.59 NOTE
r-release-linux-x86_64 0.0.3 3.45 33.86 37.31 NOTE
r-release-macos-arm64 0.0.3 25.00 NOTE
r-release-windows-x86_64 0.0.3 4.00 48.00 52.00 NOTE
r-oldrel-macos-arm64 0.0.3 24.00 NOTE
r-oldrel-macos-x86_64 0.0.3 37.00 NOTE
r-oldrel-windows-x86_64 0.0.3 5.00 51.00 56.00 NOTE

Check Details

Version: 0.0.3
Check: LazyData
Result: NOTE 'LazyData' is specified without a 'data' directory Flavors: r-devel-linux-x86_64-debian-clang, r-devel-linux-x86_64-debian-gcc, r-devel-linux-x86_64-fedora-clang, r-devel-linux-x86_64-fedora-gcc, r-devel-windows-x86_64, r-patched-linux-x86_64, r-release-linux-x86_64, r-release-macos-arm64, r-release-windows-x86_64, r-oldrel-macos-arm64, r-oldrel-macos-x86_64, r-oldrel-windows-x86_64