Last updated on 2025-01-21 11:48:31 CET.
Flavor | Version | Tinstall | Tcheck | Ttotal | Status | Flags |
---|---|---|---|---|---|---|
r-devel-linux-x86_64-debian-clang | 1.3.3 | 144.91 | 212.03 | 356.94 | OK | |
r-devel-linux-x86_64-debian-gcc | 1.3.3 | 107.93 | 217.19 | 325.12 | OK | |
r-devel-linux-x86_64-fedora-clang | 1.3.3 | 603.56 | OK | |||
r-devel-linux-x86_64-fedora-gcc | 1.3.3 | 753.55 | OK | |||
r-devel-windows-x86_64 | 1.3.3 | 149.00 | 194.00 | 343.00 | OK | |
r-patched-linux-x86_64 | 1.3.3 | 152.97 | 335.01 | 487.98 | OK | |
r-release-linux-x86_64 | 1.3.3 | 151.96 | 395.08 | 547.04 | OK | |
r-release-macos-arm64 | 1.3.3 | 142.00 | NOTE | |||
r-release-macos-x86_64 | 1.3.3 | 216.00 | NOTE | |||
r-release-windows-x86_64 | 1.3.3 | 149.00 | 197.00 | 346.00 | OK | |
r-oldrel-macos-arm64 | 1.3.3 | 147.00 | NOTE | |||
r-oldrel-macos-x86_64 | 1.3.3 | 206.00 | NOTE | |||
r-oldrel-windows-x86_64 | 1.3.3 | 172.00 | 241.00 | 413.00 | OK |
Version: 1.3.3
Check: installed package size
Result: NOTE
installed size is 15.3Mb
sub-directories of 1Mb or more:
doc 1.4Mb
libs 13.2Mb
Flavors: r-release-macos-arm64, r-release-macos-x86_64, r-oldrel-macos-arm64, r-oldrel-macos-x86_64