CRAN Package Check Results for Package processmonitR

Last updated on 2024-06-05 00:48:55 CEST.

Flavor Version Tinstall Tcheck Ttotal Status Flags
r-devel-linux-x86_64-debian-clang 0.1.0 10.41 74.87 85.28 NOTE
r-devel-linux-x86_64-debian-gcc 0.1.0 7.70 56.00 63.70 NOTE
r-devel-linux-x86_64-fedora-clang 0.1.0 107.58 NOTE
r-devel-linux-x86_64-fedora-gcc 0.1.0 112.17 NOTE
r-devel-windows-x86_64 0.1.0 8.00 72.00 80.00 NOTE
r-patched-linux-x86_64 0.1.0 6.49 72.38 78.87 NOTE
r-release-linux-x86_64 0.1.0 6.17 69.97 76.14 NOTE
r-release-macos-arm64 0.1.0 38.00 NOTE
r-release-windows-x86_64 0.1.0 9.00 71.00 80.00 NOTE
r-oldrel-macos-arm64 0.1.0 38.00 NOTE
r-oldrel-macos-x86_64 0.1.0 65.00 NOTE
r-oldrel-windows-x86_64 0.1.0 11.00 80.00 91.00 NOTE

Check Details

Version: 0.1.0
Check: LazyData
Result: NOTE 'LazyData' is specified without a 'data' directory Flavors: r-devel-linux-x86_64-debian-clang, r-devel-linux-x86_64-debian-gcc, r-devel-linux-x86_64-fedora-clang, r-devel-linux-x86_64-fedora-gcc, r-devel-windows-x86_64, r-patched-linux-x86_64, r-release-linux-x86_64, r-release-macos-arm64, r-release-windows-x86_64, r-oldrel-macos-arm64, r-oldrel-macos-x86_64, r-oldrel-windows-x86_64