CRAN Package Check Results for Package prettyB

Last updated on 2024-06-19 00:49:37 CEST.

Flavor Version Tinstall Tcheck Ttotal Status Flags
r-devel-linux-x86_64-debian-clang 0.2.2 3.01 44.59 47.60 NOTE
r-devel-linux-x86_64-debian-gcc 0.2.2 2.58 34.52 37.10 NOTE
r-devel-linux-x86_64-fedora-clang 0.2.2 63.05 NOTE
r-devel-linux-x86_64-fedora-gcc 0.2.2 71.83 NOTE
r-devel-windows-x86_64 0.2.2 4.00 51.00 55.00 NOTE
r-patched-linux-x86_64 0.2.2 4.03 42.99 47.02 NOTE
r-release-linux-x86_64 0.2.2 3.11 42.24 45.35 NOTE
r-release-macos-arm64 0.2.2 24.00 NOTE
r-release-macos-x86_64 0.2.2 36.00 NOTE
r-release-windows-x86_64 0.2.2 4.00 50.00 54.00 NOTE
r-oldrel-macos-arm64 0.2.2 24.00 NOTE
r-oldrel-macos-x86_64 0.2.2 36.00 NOTE
r-oldrel-windows-x86_64 0.2.2 3.00 55.00 58.00 NOTE

Check Details

Version: 0.2.2
Check: LazyData
Result: NOTE 'LazyData' is specified without a 'data' directory Flavors: r-devel-linux-x86_64-debian-clang, r-devel-linux-x86_64-debian-gcc, r-devel-linux-x86_64-fedora-clang, r-devel-linux-x86_64-fedora-gcc, r-devel-windows-x86_64, r-patched-linux-x86_64, r-release-linux-x86_64, r-release-macos-arm64, r-release-macos-x86_64, r-release-windows-x86_64, r-oldrel-macos-arm64, r-oldrel-macos-x86_64, r-oldrel-windows-x86_64